{"id":371,"date":"2013-01-20T14:44:29","date_gmt":"2013-01-20T14:44:29","guid":{"rendered":"http:\/\/ekmanfamily.se\/ver3\/?page_id=371"},"modified":"2014-01-21T19:05:38","modified_gmt":"2014-01-21T19:05:38","slug":"hela-tradet","status":"publish","type":"page","link":"https:\/\/ekmanfamily.se\/ver3\/hela-tradet\/","title":{"rendered":"Hela sl\u00e4kttr\u00e4det"},"content":{"rendered":"<h1>Stamtr\u00e4det<\/h1>\n<p style=\"text-align: center;\"><a href=\"http:\/\/ekmanfamily.se\/ver3\/tree\/?branch=A\">Klicka h\u00e4r f\u00f6r att se hela sl\u00e4kttr\u00e4det<\/a><\/p>\n<div style=\"clear: both; position: relative; width: 1089px; height: 1253px;\"><img loading=\"lazy\" decoding=\"async\" class=\"alignnone size-full wp-image-373\" title=\"stamstege\" alt=\"\" src=\"http:\/\/ekmanfamily.se\/ver3\/wp-content\/uploads\/2013\/01\/stamstege.jpg\" width=\"1089\" height=\"1253\" srcset=\"https:\/\/ekmanfamily.se\/ver3\/wp-content\/uploads\/2013\/01\/stamstege.jpg 1089w, https:\/\/ekmanfamily.se\/ver3\/wp-content\/uploads\/2013\/01\/stamstege-260x300.jpg 260w, https:\/\/ekmanfamily.se\/ver3\/wp-content\/uploads\/2013\/01\/stamstege-889x1024.jpg 889w\" sizes=\"auto, (max-width: 1089px) 100vw, 1089px\" \/><\/p>\n<div style=\"position: absolute; bottom: 295px; left: 480px; width: 100px; height: 125px;\"><a href=\"javascript:showMe('1');\"><img loading=\"lazy\" decoding=\"async\" alt=\"\" src=\"http:\/\/ekmanfamily.se\/ver3\/wp-content\/uploads\/2013\/01\/tmp.png\" width=\"100\" height=\"125\" \/><\/a><\/div>\n<div style=\"position: absolute; bottom: 488px; left: 490px; width: 90px; height: 112px;\"><a href=\"javascript:showMe('2');\"><img loading=\"lazy\" decoding=\"async\" alt=\"\" src=\"http:\/\/ekmanfamily.se\/ver3\/wp-content\/uploads\/2013\/01\/tmp.png\" width=\"90\" height=\"112\" \/><\/a><\/div>\n<div style=\"position: absolute; bottom: 664px; left: 490px; width: 90px; height: 112px;\"><a href=\"javascript:showMe('3');\"><img loading=\"lazy\" decoding=\"async\" alt=\"\" src=\"http:\/\/ekmanfamily.se\/ver3\/wp-content\/uploads\/2013\/01\/tmp.png\" width=\"90\" height=\"112\" \/><\/a><\/div>\n<div style=\"position: absolute; top: 305px; left: 489px; width: 90px; height: 112px;\"><a href=\"javascript:showMe('4');\"><img loading=\"lazy\" decoding=\"async\" alt=\"\" src=\"http:\/\/ekmanfamily.se\/ver3\/wp-content\/uploads\/2013\/01\/tmp.png\" width=\"90\" height=\"112\" \/><\/a><\/div>\n<div style=\"position: absolute; top: 120px; left: 489px; width: 90px; height: 112px;\"><a href=\"javascript:showMe('5');\"><img loading=\"lazy\" decoding=\"async\" alt=\"\" src=\"http:\/\/ekmanfamily.se\/ver3\/wp-content\/uploads\/2013\/01\/tmp.png\" width=\"90\" height=\"112\" \/><\/a><\/div>\n<div style=\"position: absolute; top: 220px; left: 695px; width: 90px; height: 112px;\"><a href=\"javascript:showMe('6');\"><img loading=\"lazy\" decoding=\"async\" alt=\"\" src=\"http:\/\/ekmanfamily.se\/ver3\/wp-content\/uploads\/2013\/01\/tmp.png\" width=\"90\" height=\"112\" \/><\/a><\/div>\n<div style=\"position: absolute; top: 220px; left: 275px; width: 90px; height: 112px;\"><a href=\"javascript:showMe('7');\"><img loading=\"lazy\" decoding=\"async\" alt=\"\" src=\"http:\/\/ekmanfamily.se\/ver3\/wp-content\/uploads\/2013\/01\/tmp.png\" width=\"90\" height=\"112\" \/><\/a><\/div>\n<div style=\"position: absolute; top: 406px; left: 822px; width: 90px; height: 112px;\"><a href=\"javascript:showMe('8');\"><img loading=\"lazy\" decoding=\"async\" alt=\"\" src=\"http:\/\/ekmanfamily.se\/ver3\/wp-content\/uploads\/2013\/01\/tmp.png\" width=\"90\" height=\"112\" \/><\/a><\/div>\n<div style=\"position: absolute; top: 406px; left: 142px; width: 90px; height: 112px;\"><a href=\"javascript:showMe('9');\"><img loading=\"lazy\" decoding=\"async\" alt=\"\" src=\"http:\/\/ekmanfamily.se\/ver3\/wp-content\/uploads\/2013\/01\/tmp.png\" width=\"90\" height=\"112\" \/><\/a><\/div>\n<div style=\"position: absolute; bottom: 550px; right: 45px; width: 90px; height: 112px;\"><a href=\"javascript:showMe('10');\"><img loading=\"lazy\" decoding=\"async\" alt=\"\" src=\"http:\/\/ekmanfamily.se\/ver3\/wp-content\/uploads\/2013\/01\/tmp.png\" width=\"90\" height=\"112\" \/><\/a><\/div>\n<div style=\"position: absolute; bottom: 550px; left: 14px; width: 90px; height: 112px;\"><a href=\"javascript:showMe('11');\"><img loading=\"lazy\" decoding=\"async\" alt=\"\" src=\"http:\/\/ekmanfamily.se\/ver3\/wp-content\/uploads\/2013\/01\/tmp.png\" width=\"90\" height=\"112\" \/><\/a><\/div>\n<div id=\"pic1\" style=\"position: absolute; top: 410px; left: 260px; width: 549px; display: none; height: 419px;\"><a href=\"javascript:hideMe('1');\"><img loading=\"lazy\" decoding=\"async\" alt=\"\" src=\"http:\/\/ekmanfamily.se\/ver3\/wp-content\/uploads\/2013\/08\/joen1.jpg\" width=\"549\" height=\"419\" \/><\/a><\/div>\n<div id=\"pic2\" style=\"position: absolute; top: 230px; left: 260px; width: 549px; display: none; height: 419px;\"><a href=\"javascript:hideMe('2');\"><img loading=\"lazy\" decoding=\"async\" alt=\"\" src=\"http:\/\/ekmanfamily.se\/ver3\/wp-content\/uploads\/2013\/08\/daniel1.jpg\" width=\"549\" height=\"419\" \/><\/a><br \/>\n&lt;<\/div>\n<div id=\"pic3\" style=\"position: absolute; top: 45px; left: 260px; width: 549px; display: none; height: 419px;\"><a href=\"javascript:hideMe('3');\"><img loading=\"lazy\" decoding=\"async\" alt=\"\" src=\"http:\/\/ekmanfamily.se\/ver3\/wp-content\/uploads\/2013\/08\/peter11.jpg\" width=\"549\" height=\"419\" \/><\/a><br \/>\n&lt;<\/div>\n<div id=\"pic4\" style=\"position: absolute; top: 420px; left: 250px; width: 549px; display: none; height: 419px;\"><a href=\"javascript:hideMe('4');\"><img loading=\"lazy\" decoding=\"async\" alt=\"\" src=\"http:\/\/ekmanfamily.se\/ver3\/wp-content\/uploads\/2013\/08\/peter2.jpg\" width=\"549\" height=\"419\" \/><\/a><br \/>\n&lt;<\/div>\n<div id=\"pic5\" style=\"position: absolute; top: 240px; left: 250px; width: 549px; display: none; height: 419px;\"><a href=\"javascript:hideMe('5');\"><img loading=\"lazy\" decoding=\"async\" alt=\"\" src=\"http:\/\/ekmanfamily.se\/ver3\/wp-content\/uploads\/2013\/08\/peter3.jpg\" width=\"549\" height=\"419\" \/><\/a><br \/>\n&lt;<\/div>\n<div id=\"pic6\" style=\"position: absolute; top: 50px; left: 105px; width: 549px; display: none; height: 419px;\"><a href=\"javascript:hideMe('6');\"><img loading=\"lazy\" decoding=\"async\" alt=\"\" src=\"http:\/\/ekmanfamily.se\/ver3\/wp-content\/uploads\/2013\/08\/gustafhenric1.jpg\" width=\"549\" height=\"419\" \/><\/a><br \/>\n&lt;<\/div>\n<div id=\"pic7\" style=\"position: absolute; top: 50px; left: 405px; width: 549px; display: none; height: 419px;\"><a href=\"javascript:hideMe('7');\"><img loading=\"lazy\" decoding=\"async\" alt=\"\" src=\"http:\/\/ekmanfamily.se\/ver3\/wp-content\/uploads\/2013\/08\/johanjacob1.jpg\" width=\"549\" height=\"419\" \/><\/a><br \/>\n&lt;<\/div>\n<div id=\"pic8\" style=\"position: absolute; top: 280px; left: 260px; width: 549px; display: none; height: 419px;\"><a href=\"javascript:hideMe('8');\"><img loading=\"lazy\" decoding=\"async\" alt=\"\" src=\"http:\/\/ekmanfamily.se\/ver3\/wp-content\/uploads\/2013\/08\/gustaf1.jpg\" width=\"549\" height=\"419\" \/><\/a><br \/>\n&lt;<\/div>\n<div id=\"pic9\" style=\"position: absolute; top: 280px; left: 260px; width: 549px; display: none; height: 419px;\"><a href=\"javascript:hideMe('9');\"><img loading=\"lazy\" decoding=\"async\" alt=\"\" src=\"http:\/\/ekmanfamily.se\/ver3\/wp-content\/uploads\/2013\/08\/johanoscar1.jpg\" width=\"549\" height=\"419\" \/><\/a><br \/>\n&lt;<\/div>\n<div id=\"pic10\" style=\"position: absolute; top: 450px; left: 260px; width: 549px; display: none; height: 419px;\"><a href=\"javascript:hideMe('10');\"><img loading=\"lazy\" decoding=\"async\" alt=\"\" src=\"http:\/\/ekmanfamily.se\/ver3\/wp-content\/uploads\/2013\/08\/carledward1.jpg\" width=\"549\" height=\"419\" \/><\/a><br \/>\n&lt;<\/div>\n<div id=\"pic11\" style=\"position: absolute; top: 450px; left: 260px; width: 549px; display: none; height: 419px;\"><a href=\"javascript:hideMe('11');\"><img loading=\"lazy\" decoding=\"async\" alt=\"\" src=\"http:\/\/ekmanfamily.se\/ver3\/wp-content\/uploads\/2013\/08\/jacobemil1.jpg\" width=\"549\" height=\"419\" \/><\/a><br \/>\n&lt;<\/div>\n<p><script type=\"text\/javascript\">\/\/ <![CDATA[\nfunction hideMe(num){\n\t\tdocument.getElementById('pic'+num).style.display = \"none\";\n\t}\n\tfunction showMe(num){\n\t\tfor(var i=1;i<12;i++){\n\t\t\tdocument.getElementById('pic'+i).style.display = \"none\";\n\t\t}\n\t\tdocument.getElementById('pic'+num).style.display = \"block\";\n\t}\n\/\/ ]]><\/script><\/p>\n<\/div>\n<p style=\"text-align: center;\"><a href=\"http:\/\/ekmanfamily.se\/ver3\/tree\/?branch=A\">Klicka h\u00e4r f\u00f6r att se hela sl\u00e4kttr\u00e4det<\/a><\/p>\n","protected":false},"excerpt":{"rendered":"<p>Stamtr\u00e4det Klicka h\u00e4r f\u00f6r att se hela sl\u00e4kttr\u00e4det &lt; &lt; &lt; &lt; &lt; &lt; &lt; &lt; &lt; &lt; Klicka h\u00e4r f\u00f6r att se hela sl\u00e4kttr\u00e4det<\/p>\n","protected":false},"author":3,"featured_media":0,"parent":0,"menu_order":0,"comment_status":"closed","ping_status":"open","template":"","meta":{"_acf_changed":false,"ngg_post_thumbnail":0,"footnotes":""},"tags":[5],"class_list":["post-371","page","type-page","status-publish","hentry","tag-login"],"acf":[],"_links":{"self":[{"href":"https:\/\/ekmanfamily.se\/ver3\/wp-json\/wp\/v2\/pages\/371","targetHints":{"allow":["GET"]}}],"collection":[{"href":"https:\/\/ekmanfamily.se\/ver3\/wp-json\/wp\/v2\/pages"}],"about":[{"href":"https:\/\/ekmanfamily.se\/ver3\/wp-json\/wp\/v2\/types\/page"}],"author":[{"embeddable":true,"href":"https:\/\/ekmanfamily.se\/ver3\/wp-json\/wp\/v2\/users\/3"}],"replies":[{"embeddable":true,"href":"https:\/\/ekmanfamily.se\/ver3\/wp-json\/wp\/v2\/comments?post=371"}],"version-history":[{"count":0,"href":"https:\/\/ekmanfamily.se\/ver3\/wp-json\/wp\/v2\/pages\/371\/revisions"}],"wp:attachment":[{"href":"https:\/\/ekmanfamily.se\/ver3\/wp-json\/wp\/v2\/media?parent=371"}],"wp:term":[{"taxonomy":"post_tag","embeddable":true,"href":"https:\/\/ekmanfamily.se\/ver3\/wp-json\/wp\/v2\/tags?post=371"}],"curies":[{"name":"wp","href":"https:\/\/api.w.org\/{rel}","templated":true}]}}