{"id":331,"date":"2013-01-20T14:09:56","date_gmt":"2013-01-20T14:09:56","guid":{"rendered":"http:\/\/ekmanfamily.se\/ver3\/?page_id=331"},"modified":"2017-05-26T11:09:50","modified_gmt":"2017-05-26T11:09:50","slug":"slaktplatser-finspang","status":"publish","type":"page","link":"https:\/\/ekmanfamily.se\/ver3\/slaktplatser-finspang\/","title":{"rendered":"Finsp\u00e5ng"},"content":{"rendered":"<h1>Sl\u00e4ktplatser: Finsp\u00e5ng<\/h1>\n<div id=\"attachment_1587\" style=\"width: 310px\" class=\"wp-caption alignleft\"><a href=\"http:\/\/ekmanfamily.se\/ver3\/wp-content\/uploads\/2013\/01\/003-Ekmanska-skolan-Finsp\u00e5ng.jpg\"><img loading=\"lazy\" decoding=\"async\" aria-describedby=\"caption-attachment-1587\" class=\"size-medium wp-image-1587\" src=\"http:\/\/ekmanfamily.se\/ver3\/wp-content\/uploads\/2013\/01\/003-Ekmanska-skolan-Finsp\u00e5ng-300x217.jpg\" alt=\"Ekmanska skolan i Finsp\u00e5ng\" width=\"300\" height=\"217\" srcset=\"https:\/\/ekmanfamily.se\/ver3\/wp-content\/uploads\/2013\/01\/003-Ekmanska-skolan-Finsp\u00e5ng-300x217.jpg 300w, https:\/\/ekmanfamily.se\/ver3\/wp-content\/uploads\/2013\/01\/003-Ekmanska-skolan-Finsp\u00e5ng-1024x742.jpg 1024w, https:\/\/ekmanfamily.se\/ver3\/wp-content\/uploads\/2013\/01\/003-Ekmanska-skolan-Finsp\u00e5ng-413x300.jpg 413w, https:\/\/ekmanfamily.se\/ver3\/wp-content\/uploads\/2013\/01\/003-Ekmanska-skolan-Finsp\u00e5ng.jpg 1221w\" sizes=\"auto, (max-width: 300px) 100vw, 300px\" \/><\/a><p id=\"caption-attachment-1587\" class=\"wp-caption-text\">1874 donerade Carl Edvard Ekman 50000 kr till uppf\u00f6randet av Ekmanska skolan i Finsp\u00e5ng<\/p><\/div>\n<p>Carl Edward Ekman var en av Sveriges st\u00f6rsta gods\u00e4gare. Som politiker v\u00e4rnade han om folkundervisningen och var tillt\u00e4nkt som stadsminister 1883 men tackade nej. Han blev ledamot av Lantbruksakademien 1876 och hedersledamot 1879. Ledamot av<\/p>\n<p>Vetenskapsakademien blev han 1889. Sk\u00f6tseln av Kilanda \u00f6verl\u00e4t han p\u00e5 sin sv\u00e5ger G\u00f6trik von Scheele.<\/p>\n<p>&nbsp;<\/p>\n<p style=\"text-align: right;\"><strong>Carl Edward Ekmans egna vagn<\/strong><a href=\"http:\/\/ekmanfamily.se\/ver3\/wp-content\/uploads\/2013\/01\/vagn.jpg\"><img loading=\"lazy\" decoding=\"async\" class=\"alignright size-medium wp-image-1470\" src=\"http:\/\/ekmanfamily.se\/ver3\/wp-content\/uploads\/2013\/01\/vagn-300x229.jpg\" alt=\"vagn\" width=\"300\" height=\"229\" srcset=\"https:\/\/ekmanfamily.se\/ver3\/wp-content\/uploads\/2013\/01\/vagn-300x229.jpg 300w, https:\/\/ekmanfamily.se\/ver3\/wp-content\/uploads\/2013\/01\/vagn-392x300.jpg 392w, https:\/\/ekmanfamily.se\/ver3\/wp-content\/uploads\/2013\/01\/vagn.jpg 566w\" sizes=\"auto, (max-width: 300px) 100vw, 300px\" \/><\/a><br \/>\nCarl Edward och kung Oscar II hade egna\u00a0j\u00e4rnv\u00e4gsvagnar. Ekman var ocks\u00e5<br \/>\nj\u00e4rnv\u00e4gsbyggare, d\u00e4rf\u00f6r var det naturligt f\u00f6r honom att \u00e5ka t\u00e5g i egen j\u00e4rnv\u00e4gsvagn.<\/p>\n<p><strong>\u00a0\u00a0\u00a0\u00a0\u00a0\u00a0\u00a0\u00a0\u00a0\u00a0\u00a0\u00a0\u00a0\u00a0\u00a0\u00a0\u00a0\u00a0\u00a0\u00a0\u00a0\u00a0\u00a0\u00a0\u00a0\u00a0\u00a0\u00a0\u00a0\u00a0\u00a0\u00a0\u00a0<\/strong><\/p>\n<p><a href=\"http:\/\/ekmanfamily.se\/ver3\/wp-content\/uploads\/2013\/08\/slottet.jpg\"><img loading=\"lazy\" decoding=\"async\" class=\"alignleft size-full wp-image-656\" src=\"http:\/\/ekmanfamily.se\/ver3\/wp-content\/uploads\/2013\/08\/slottet.jpg\" alt=\"slottet\" width=\"318\" height=\"230\" \/><\/a><strong>Bibilioteket<\/strong><\/p>\n<p>Bibliotekt p\u00e5 Finsp\u00e5ng rymde 30 000 volymer. Den De Geerska boksamlingen \u00f6kades v\u00e4sentligt, bla med fr\u00e5n Ekmans fader Gustaf Henrik Ekman och sv\u00e4rfader \u00f6verintendenten F. A. von Scheele, \u00e4rvda b\u00f6cker. Efter Carl Edward Ekmans d\u00f6d ink\u00f6ptes det till over 30000 volymer av Norrk\u00f6pings stad.<\/p>\n<p>&nbsp;<\/p>\n<p>&nbsp;<\/p>\n<p><strong>Finsp\u00e5ng slott<\/strong><\/p>\n<p>Carl Edward Ekman blev \u00e4gare till Finspng vid 30 \u00e5rs alder och slotted l\u00e4t han\u00a0pietetsfullt ist\u00e5nds\u00e4tta sedan han hade k\u00f6pt och blivit ensam \u00e4gare av Finsp\u00e5ng 1856.<\/p>\n<div id=\"attachment_1589\" style=\"width: 310px\" class=\"wp-caption alignleft\"><a href=\"http:\/\/ekmanfamily.se\/ver3\/wp-content\/uploads\/2013\/01\/Finsp\u00e5ng-bruk.jpg\"><img loading=\"lazy\" decoding=\"async\" aria-describedby=\"caption-attachment-1589\" class=\"size-medium wp-image-1589\" src=\"http:\/\/ekmanfamily.se\/ver3\/wp-content\/uploads\/2013\/01\/Finsp\u00e5ng-bruk-300x204.jpg\" alt=\"Finsp\u00e5ng bruk\" width=\"300\" height=\"204\" srcset=\"https:\/\/ekmanfamily.se\/ver3\/wp-content\/uploads\/2013\/01\/Finsp\u00e5ng-bruk-300x204.jpg 300w, https:\/\/ekmanfamily.se\/ver3\/wp-content\/uploads\/2013\/01\/Finsp\u00e5ng-bruk-1024x699.jpg 1024w, https:\/\/ekmanfamily.se\/ver3\/wp-content\/uploads\/2013\/01\/Finsp\u00e5ng-bruk-439x300.jpg 439w, https:\/\/ekmanfamily.se\/ver3\/wp-content\/uploads\/2013\/01\/Finsp\u00e5ng-bruk.jpg 1144w\" sizes=\"auto, (max-width: 300px) 100vw, 300px\" \/><\/a><p id=\"caption-attachment-1589\" class=\"wp-caption-text\">Carl Edward Ekman blev \u00e4gare till Finsp\u00e5ng syckebruk vid 30 \u00e5rs alder. Han sysselsatte mer \u00e4n 5000 personer p\u00e5 1880 talet<\/p><\/div>\n<p><strong>Carl Edward Ekman 1826-1903<\/strong><\/p>\n<p>Ekman antogs som f\u00f6rvaltare av Finsp\u00e5ng styckebruk \u00e5t grevarna Nils och August Gyldenstolpe vid 22 \u00e5rs alder. Bruket var i ett d\u00e5ligt skick ur s\u00e5v\u00e4l ekonomiskt som tekniskt h\u00e4nseende, beroend dels p\u00e5 de sedan l\u00e4nge vikande konjunkturerna f\u00f6r den svenska kanonindustrin. och dels p\u00e5 att tidigare \u00e4gare i f\u00f6reg\u00e5ende generationer \u00e4gnat sig mer \u00e5t daglig handel \u00e4n att f\u00f6lja med den revolutionerande utvecklingen inom j\u00e4rnhanteringen.<\/p>\n","protected":false},"excerpt":{"rendered":"<p>Sl\u00e4ktplatser: Finsp\u00e5ng Carl Edward Ekman var en av Sveriges st\u00f6rsta gods\u00e4gare. Som politiker v\u00e4rnade han om folkundervisningen och var tillt\u00e4nkt som stadsminister 1883 men tackade nej. Han blev ledamot av Lantbruksakademien 1876 och hedersledamot 1879. Ledamot av Vetenskapsakademien blev han 1889. Sk\u00f6tseln av Kilanda \u00f6verl\u00e4t han p\u00e5 sin sv\u00e5ger G\u00f6trik von Scheele. &nbsp; Carl Edward [&hellip;]<\/p>\n","protected":false},"author":3,"featured_media":0,"parent":0,"menu_order":0,"comment_status":"closed","ping_status":"closed","template":"","meta":{"_acf_changed":false,"ngg_post_thumbnail":0,"footnotes":""},"tags":[5],"class_list":["post-331","page","type-page","status-publish","hentry","tag-login"],"acf":[],"_links":{"self":[{"href":"https:\/\/ekmanfamily.se\/ver3\/wp-json\/wp\/v2\/pages\/331","targetHints":{"allow":["GET"]}}],"collection":[{"href":"https:\/\/ekmanfamily.se\/ver3\/wp-json\/wp\/v2\/pages"}],"about":[{"href":"https:\/\/ekmanfamily.se\/ver3\/wp-json\/wp\/v2\/types\/page"}],"author":[{"embeddable":true,"href":"https:\/\/ekmanfamily.se\/ver3\/wp-json\/wp\/v2\/users\/3"}],"replies":[{"embeddable":true,"href":"https:\/\/ekmanfamily.se\/ver3\/wp-json\/wp\/v2\/comments?post=331"}],"version-history":[{"count":0,"href":"https:\/\/ekmanfamily.se\/ver3\/wp-json\/wp\/v2\/pages\/331\/revisions"}],"wp:attachment":[{"href":"https:\/\/ekmanfamily.se\/ver3\/wp-json\/wp\/v2\/media?parent=331"}],"wp:term":[{"taxonomy":"post_tag","embeddable":true,"href":"https:\/\/ekmanfamily.se\/ver3\/wp-json\/wp\/v2\/tags?post=331"}],"curies":[{"name":"wp","href":"https:\/\/api.w.org\/{rel}","templated":true}]}}

Finspång

<h1>Släktplatser: Finspång</h1>
<div id="attachment_1587" style="width: 310px" class="wp-caption alignleft"><a href="http://ekmanfamily.se/ver3/wp-content/uploads/2013/01/003-Ekmanska-skolan-Finspång.jpg"><img loading="lazy" decoding="async" aria-describedby="caption-attachment-1587" class="size-medium wp-image-1587" src="http://ekmanfamily.se/ver3/wp-content/uploads/2013/01/003-Ekmanska-skolan-Finspång-300x217.jpg" alt="Ekmanska skolan i Finspång" width="300" height="217" srcset="https://ekmanfamily.se/ver3/wp-content/uploads/2013/01/003-Ekmanska-skolan-Finspång-300x217.jpg 300w, https://ekmanfamily.se/ver3/wp-content/uploads/2013/01/003-Ekmanska-skolan-Finspång-1024x742.jpg 1024w, https://ekmanfamily.se/ver3/wp-content/uploads/2013/01/003-Ekmanska-skolan-Finspång-413x300.jpg 413w, https://ekmanfamily.se/ver3/wp-content/uploads/2013/01/003-Ekmanska-skolan-Finspång.jpg 1221w" sizes="auto, (max-width: 300px) 100vw, 300px" /></a><p id="caption-attachment-1587" class="wp-caption-text">1874 donerade Carl Edvard Ekman 50000 kr till uppförandet av Ekmanska skolan i Finspång</p></div>
<p>Carl Edward Ekman var en av Sveriges största godsägare. Som politiker värnade han om folkundervisningen och var tilltänkt som stadsminister 1883 men tackade nej. Han blev ledamot av Lantbruksakademien 1876 och hedersledamot 1879. Ledamot av</p>
<p>Vetenskapsakademien blev han 1889. Skötseln av Kilanda överlät han på sin svåger Götrik von Scheele.</p>
<p>&nbsp;</p>
<p style="text-align: right;"><strong>Carl Edward Ekmans egna vagn</strong><a href="http://ekmanfamily.se/ver3/wp-content/uploads/2013/01/vagn.jpg"><img loading="lazy" decoding="async" class="alignright size-medium wp-image-1470" src="http://ekmanfamily.se/ver3/wp-content/uploads/2013/01/vagn-300x229.jpg" alt="vagn" width="300" height="229" srcset="https://ekmanfamily.se/ver3/wp-content/uploads/2013/01/vagn-300x229.jpg 300w, https://ekmanfamily.se/ver3/wp-content/uploads/2013/01/vagn-392x300.jpg 392w, https://ekmanfamily.se/ver3/wp-content/uploads/2013/01/vagn.jpg 566w" sizes="auto, (max-width: 300px) 100vw, 300px" /></a><br />
Carl Edward och kung Oscar II hade egna järnvägsvagnar. Ekman var också<br />
järnvägsbyggare, därför var det naturligt för honom att åka tåg i egen järnvägsvagn.</p>
<p><strong>                                 </strong></p>
<p><a href="http://ekmanfamily.se/ver3/wp-content/uploads/2013/08/slottet.jpg"><img loading="lazy" decoding="async" class="alignleft size-full wp-image-656" src="http://ekmanfamily.se/ver3/wp-content/uploads/2013/08/slottet.jpg" alt="slottet" width="318" height="230" /></a><strong>Bibilioteket</strong></p>
<p>Bibliotekt på Finspång rymde 30 000 volymer. Den De Geerska boksamlingen ökades väsentligt, bla med från Ekmans fader Gustaf Henrik Ekman och svärfader överintendenten F. A. von Scheele, ärvda böcker. Efter Carl Edward Ekmans död inköptes det till over 30000 volymer av Norrköpings stad.</p>
<p>&nbsp;</p>
<p>&nbsp;</p>
<p><strong>Finspång slott</strong></p>
<p>Carl Edward Ekman blev ägare till Finspng vid 30 års alder och slotted lät han pietetsfullt iståndsätta sedan han hade köpt och blivit ensam ägare av Finspång 1856.</p>
<div id="attachment_1589" style="width: 310px" class="wp-caption alignleft"><a href="http://ekmanfamily.se/ver3/wp-content/uploads/2013/01/Finspång-bruk.jpg"><img loading="lazy" decoding="async" aria-describedby="caption-attachment-1589" class="size-medium wp-image-1589" src="http://ekmanfamily.se/ver3/wp-content/uploads/2013/01/Finspång-bruk-300x204.jpg" alt="Finspång bruk" width="300" height="204" srcset="https://ekmanfamily.se/ver3/wp-content/uploads/2013/01/Finspång-bruk-300x204.jpg 300w, https://ekmanfamily.se/ver3/wp-content/uploads/2013/01/Finspång-bruk-1024x699.jpg 1024w, https://ekmanfamily.se/ver3/wp-content/uploads/2013/01/Finspång-bruk-439x300.jpg 439w, https://ekmanfamily.se/ver3/wp-content/uploads/2013/01/Finspång-bruk.jpg 1144w" sizes="auto, (max-width: 300px) 100vw, 300px" /></a><p id="caption-attachment-1589" class="wp-caption-text">Carl Edward Ekman blev ägare till Finspång syckebruk vid 30 års alder. Han sysselsatte mer än 5000 personer på 1880 talet</p></div>
<p><strong>Carl Edward Ekman 1826-1903</strong></p>
<p>Ekman antogs som förvaltare av Finspång styckebruk åt grevarna Nils och August Gyldenstolpe vid 22 års alder. Bruket var i ett dåligt skick ur såväl ekonomiskt som tekniskt hänseende, beroend dels på de sedan länge vikande konjunkturerna för den svenska kanonindustrin. och dels på att tidigare ägare i föregående generationer ägnat sig mer åt daglig handel än att följa med den revolutionerande utvecklingen inom järnhanteringen.</p>

<p>Släktplatser: Finspång Carl Edward Ekman var en av Sveriges största godsägare. Som politiker värnade han om folkundervisningen och var tilltänkt som stadsminister 1883 men tackade nej. Han blev ledamot av Lantbruksakademien 1876 och hedersledamot 1879. Ledamot av Vetenskapsakademien blev han 1889. Skötseln av Kilanda överlät han på sin svåger Götrik von Scheele. &nbsp; Carl Edward [&hellip;]</p>
