{"id":2971,"date":"2025-08-31T10:55:48","date_gmt":"2025-08-31T10:55:48","guid":{"rendered":"https:\/\/ekmanfamily.se\/ver3\/?page_id=2971"},"modified":"2025-08-31T10:55:48","modified_gmt":"2025-08-31T10:55:48","slug":"protokoll-2025","status":"publish","type":"page","link":"https:\/\/ekmanfamily.se\/ver3\/protokoll-2025\/","title":{"rendered":"Protokoll 2025"},"content":{"rendered":"<h1>Protokoll<\/h1>\n<p><a href=\"styrelsen\/\">Styrelsen<\/a> | <a href=\"stadgar\/\">Stadgar<\/a> | <a href=\"dagordning\/\">Dagordning<\/a> | <a href=\"bokslut\/\">Bokslut<\/a> | <a href=\"revisionsberattelse\/\">Revisionsber\u00e4ttelse<\/a> | <a href=\"\/ver3\/protokoll-2022\/\">Protokoll<\/a> | <a href=\"medlemskap\/\">Medlemskap<br \/>\n<\/a><a class=\"green_link\" href=\"http:\/\/ekmanfamily.se\/ver3\/protokoll-2012\/\">Protokoll 2012<\/a><br \/>\n<a class=\"green_link\" href=\"http:\/\/ekmanfamily.se\/ver3\/protokoll\/\">Protokoll 2015<\/a><br \/>\n<a class=\"green_link\" href=\"http:\/\/ekmanfamily.se\/ver3\/protokoll-2018\/\">Protokoll 2018<\/a><br \/>\n<a class=\"green_link\" href=\"http:\/\/ekmanfamily.se\/ver3\/protokoll-2022\/\">Protokoll 2022<\/a><br \/>\n<a class=\"green_link\" href=\"http:\/\/ekmanfamily.se\/ver3\/protokoll-2025\/\">Protokoll 2025<\/a><\/p>\n<h2>&nbsp;<\/h2>\n<h2 style=\"text-align: center;\"><span style=\"color: #000000; font-style: normal; font-weight: bold;\">Protokoll Ekmanska Sl\u00e4ktf\u00f6reningen <\/span><span style=\"color: #000000; font-weight: bold;\">16 augusti 2025 p\u00e5 Folkets Hus i Motala &nbsp;<\/span><\/h2>\n<p>&nbsp;<\/p>\n<p>1\/ Claes Ekman \u00f6ppnade m\u00f6tet.<\/p>\n<p>2\/ Claes Ekman v\u00e4ljs till ordf\u00f6rande, Susanne Ekman Mathiesen v\u00e4ljs till protokollf\u00f6rare, Anette Liljeberg och Christian Ekman v\u00e4ljs till justeringsm\u00e4n, vid m\u00f6tet.<\/p>\n<p>3\/ Dagordningen godk\u00e4ndes.<\/p>\n<p>4\/ Det konstateras att f\u00f6reningsm\u00f6tet utlysts i beh\u00f6rig ordning.<\/p>\n<p>5\/ Claes redog\u00f6r f\u00f6r bortg\u00e5ngna sl\u00e4ktingar och en tyst minut h\u00e5lls.<\/p>\n<p>6\/ Claes redog\u00f6r f\u00f6r sl\u00e4ktens nyf\u00f6dda, och det visar sig att l\u00e5ngt fler barn har f\u00f6tts under perioden (ca 12 stycken) \u2013 f\u00f6r\u00e4ldrar uppmanas att registrera barnen p\u00e5 sl\u00e4ktf\u00f6reningens hemsida.<\/p>\n<p>7\/ Fastst\u00e4llande av r\u00f6stl\u00e4ngd (brukar ej anv\u00e4ndas).<\/p>\n<p>8\/ Protokoll fr\u00e5n f\u00f6reg\u00e5ende f\u00f6reningsm\u00f6te finns att l\u00e4sa p\u00e5 f\u00f6reningens hemsida.<\/p>\n<p>9\/ \u00c5rsredovisning f\u00f6r r\u00e4kenskaps\u00e5ren 2022-2024; skattm\u00e4stare Fredric Ekman meddelar att f\u00f6reningen har en god ekonomi, det har varit en fin utveckling i f\u00f6reningens portf\u00f6lj. Claes meddelar att man har kunnat bekosta dokument\u00e4rfilmen \u201dDen dolda dynastin Ekman\u201d inom ramar f\u00f6r ekonomin.<\/p>\n<p>10\/ Revisionsber\u00e4ttelsen \u00e4r klar och undertecknad av f\u00f6reningens revisorer; Nils Liljeberg och Caroline Ekman.<\/p>\n<p>11\/ Styrelsen beviljas ansvarsfrihet.<\/p>\n<p>12\/ Fortsatt inga f\u00f6reningsavgifter, d\u00e5 f\u00f6reningen har en god ekonomi. Sl\u00e4ktf\u00f6reningen st\u00e5r f\u00f6r lunch, middag samt b\u00e5tf\u00e4rd under helgens sl\u00e4kttr\u00e4ff.<\/p>\n<p>13\/ Nuvarande valberedning; Matts Ekman, Peter Ekman och Peter Ekman blir omvalda f\u00f6r n\u00e4sta period.<\/p>\n<p>14\/ Matts redog\u00f6r f\u00f6r valberedningens f\u00f6rslag av styrelse, som sedan antas av sl\u00e4ktf\u00f6reningens medlemmar:<br \/>\n&#8211;\tOrdf\u00f6rande Claes Ekman, suppleant Annika Ekman samt sekreterare Hedvig Ekman, har avb\u00f6jt omval<br \/>\n&#8211;\tValberedningen f\u00f6resl\u00e5r att Gustaf Ekman, fd vice ordf\u00f6rande, tar \u00f6ver ordf\u00f6randeposten, Jenny Gustavsson (nyval) ers\u00e4tter som suppleant och Susanne Ekman Mathiesen (nyval) ers\u00e4tter som sekreterare<br \/>\n&#8211;\tJonas Ekman fd ordinarie ledamot byter till post som suppleant, och ers\u00e4tts av Jan Calvert (nyval) som ordinarie ledamot<br \/>\n&#8211;\tFredric Ekman \u00e4r och f\u00f6rblir skattm\u00e4stare<br \/>\n&#8211;\tChristian Ekman fd suppleant byter till posten som vice ordf\u00f6rande<br \/>\n&#8211;\tOmval av revisorerna; Nils Liljeberg och Caroline Ekman, samt revisorssuppleant Magdalena Ekman<\/p>\n<p>15\/ Nya ordf\u00f6randen Gustaf Ekman tackar Claes, Annika och Hedvig f\u00f6r stort engagemang \u2013 framf\u00f6rallt Claes som varit aktiv i styrelsen i 25 \u00e5r!<\/p>\n<p>16\/ \u00d6vriga punkter:<br \/>\n&#8211;\tEtt antal sl\u00e4ktingar fr\u00e5n D-grenen deltar i m\u00f6tet denna g\u00e5ng, vi v\u00e4lkomnar dem och hoppas att \u00e4n fler kommer till n\u00e4sta sl\u00e4ktm\u00f6te<br \/>\n&#8211;\tInofficiell kung\u00f6relse; br\u00f6llop p\u00e5 Bj\u00e4rka S\u00e4by d\u00e4r Nikita Ekman gifter sig denna helg!<\/p>\n<p>17\/ Claes tackade alla och avslutade Ekmanska sl\u00e4ktf\u00f6reningens m\u00f6te 2025 genom att presentera dokument\u00e4rfilmen, som visades direkt efter m\u00f6tet.<\/p>\n<p>Vid protokollet<\/p>\n<p>__________________<\/p>\n<p>Susanne Ekman Mathiesen<\/p>\n<p>&nbsp;<\/p>\n<p>Justering av protokollet utf\u00f6rt av:<br \/>\nDatum &amp; ort:&nbsp; &nbsp; &nbsp; &nbsp; &nbsp; &nbsp; &nbsp; &nbsp; &nbsp; &nbsp; &nbsp; &nbsp; &nbsp; &nbsp; &nbsp; &nbsp; &nbsp; &nbsp; &nbsp; &nbsp; &nbsp; &nbsp; &nbsp;Datum &amp; ort:<\/p>\n<p>___________________ &nbsp; &nbsp; &nbsp; &nbsp; &nbsp; &nbsp; &nbsp; &nbsp; &nbsp; &nbsp; &nbsp; &nbsp; &nbsp; ___________________<\/p>\n<p>Anette Liljeberg&nbsp; &nbsp; &nbsp; &nbsp; &nbsp; &nbsp; &nbsp; &nbsp; &nbsp; &nbsp; &nbsp; &nbsp; &nbsp; &nbsp; &nbsp; &nbsp; &nbsp; &nbsp; &nbsp; &nbsp;&nbsp; Christian Ekman<\/p>\n<p>Undertecknat original arkiverat.<\/p>\n","protected":false},"excerpt":{"rendered":"<p>Protokoll Styrelsen | Stadgar | Dagordning | Bokslut | Revisionsber\u00e4ttelse | Protokoll | Medlemskap Protokoll 2012 Protokoll 2015 Protokoll 2018 Protokoll 2022 Protokoll 2025 &nbsp; Protokoll Ekmanska Sl\u00e4ktf\u00f6reningen 16 augusti 2025 p\u00e5 Folkets Hus i Motala &nbsp; &nbsp; 1\/ Claes Ekman \u00f6ppnade m\u00f6tet. 2\/ Claes Ekman v\u00e4ljs till ordf\u00f6rande, Susanne Ekman Mathiesen v\u00e4ljs till protokollf\u00f6rare, [&hellip;]<\/p>\n","protected":false},"author":3,"featured_media":0,"parent":0,"menu_order":0,"comment_status":"closed","ping_status":"closed","template":"","meta":{"_acf_changed":false,"ngg_post_thumbnail":0,"footnotes":""},"tags":[],"class_list":["post-2971","page","type-page","status-publish","hentry"],"acf":[],"_links":{"self":[{"href":"https:\/\/ekmanfamily.se\/ver3\/wp-json\/wp\/v2\/pages\/2971","targetHints":{"allow":["GET"]}}],"collection":[{"href":"https:\/\/ekmanfamily.se\/ver3\/wp-json\/wp\/v2\/pages"}],"about":[{"href":"https:\/\/ekmanfamily.se\/ver3\/wp-json\/wp\/v2\/types\/page"}],"author":[{"embeddable":true,"href":"https:\/\/ekmanfamily.se\/ver3\/wp-json\/wp\/v2\/users\/3"}],"replies":[{"embeddable":true,"href":"https:\/\/ekmanfamily.se\/ver3\/wp-json\/wp\/v2\/comments?post=2971"}],"version-history":[{"count":0,"href":"https:\/\/ekmanfamily.se\/ver3\/wp-json\/wp\/v2\/pages\/2971\/revisions"}],"wp:attachment":[{"href":"https:\/\/ekmanfamily.se\/ver3\/wp-json\/wp\/v2\/media?parent=2971"}],"wp:term":[{"taxonomy":"post_tag","embeddable":true,"href":"https:\/\/ekmanfamily.se\/ver3\/wp-json\/wp\/v2\/tags?post=2971"}],"curies":[{"name":"wp","href":"https:\/\/api.w.org\/{rel}","templated":true}]}}

<h1>Protokoll</h1>
<p><a href="styrelsen/">Styrelsen</a> | <a href="stadgar/">Stadgar</a> | <a href="dagordning/">Dagordning</a> | <a href="bokslut/">Bokslut</a> | <a href="revisionsberattelse/">Revisionsberättelse</a> | <a href="/ver3/protokoll-2022/">Protokoll</a> | <a href="medlemskap/">Medlemskap<br />
</a><a class="green_link" href="http://ekmanfamily.se/ver3/protokoll-2012/">Protokoll 2012</a><br />
<a class="green_link" href="http://ekmanfamily.se/ver3/protokoll/">Protokoll 2015</a><br />
<a class="green_link" href="http://ekmanfamily.se/ver3/protokoll-2018/">Protokoll 2018</a><br />
<a class="green_link" href="http://ekmanfamily.se/ver3/protokoll-2022/">Protokoll 2022</a><br />
<a class="green_link" href="http://ekmanfamily.se/ver3/protokoll-2025/">Protokoll 2025</a></p>
<h2>&nbsp;</h2>
<h2 style="text-align: center;"><span style="color: #000000; font-style: normal; font-weight: bold;">Protokoll Ekmanska Släktföreningen </span><span style="color: #000000; font-weight: bold;">16 augusti 2025 på Folkets Hus i Motala &nbsp;</span></h2>
<p>&nbsp;</p>
<p>1/ Claes Ekman öppnade mötet.</p>
<p>2/ Claes Ekman väljs till ordförande, Susanne Ekman Mathiesen väljs till protokollförare, Anette Liljeberg och Christian Ekman väljs till justeringsmän, vid mötet.</p>
<p>3/ Dagordningen godkändes.</p>
<p>4/ Det konstateras att föreningsmötet utlysts i behörig ordning.</p>
<p>5/ Claes redogör för bortgångna släktingar och en tyst minut hålls.</p>
<p>6/ Claes redogör för släktens nyfödda, och det visar sig att långt fler barn har fötts under perioden (ca 12 stycken) – föräldrar uppmanas att registrera barnen på släktföreningens hemsida.</p>
<p>7/ Fastställande av röstlängd (brukar ej användas).</p>
<p>8/ Protokoll från föregående föreningsmöte finns att läsa på föreningens hemsida.</p>
<p>9/ Årsredovisning för räkenskapsåren 2022-2024; skattmästare Fredric Ekman meddelar att föreningen har en god ekonomi, det har varit en fin utveckling i föreningens portfölj. Claes meddelar att man har kunnat bekosta dokumentärfilmen ”Den dolda dynastin Ekman” inom ramar för ekonomin.</p>
<p>10/ Revisionsberättelsen är klar och undertecknad av föreningens revisorer; Nils Liljeberg och Caroline Ekman.</p>
<p>11/ Styrelsen beviljas ansvarsfrihet.</p>
<p>12/ Fortsatt inga föreningsavgifter, då föreningen har en god ekonomi. Släktföreningen står för lunch, middag samt båtfärd under helgens släktträff.</p>
<p>13/ Nuvarande valberedning; Matts Ekman, Peter Ekman och Peter Ekman blir omvalda för nästa period.</p>
<p>14/ Matts redogör för valberedningens förslag av styrelse, som sedan antas av släktföreningens medlemmar:<br />
&#8211;	Ordförande Claes Ekman, suppleant Annika Ekman samt sekreterare Hedvig Ekman, har avböjt omval<br />
&#8211;	Valberedningen föreslår att Gustaf Ekman, fd vice ordförande, tar över ordförandeposten, Jenny Gustavsson (nyval) ersätter som suppleant och Susanne Ekman Mathiesen (nyval) ersätter som sekreterare<br />
&#8211;	Jonas Ekman fd ordinarie ledamot byter till post som suppleant, och ersätts av Jan Calvert (nyval) som ordinarie ledamot<br />
&#8211;	Fredric Ekman är och förblir skattmästare<br />
&#8211;	Christian Ekman fd suppleant byter till posten som vice ordförande<br />
&#8211;	Omval av revisorerna; Nils Liljeberg och Caroline Ekman, samt revisorssuppleant Magdalena Ekman</p>
<p>15/ Nya ordföranden Gustaf Ekman tackar Claes, Annika och Hedvig för stort engagemang – framförallt Claes som varit aktiv i styrelsen i 25 år!</p>
<p>16/ Övriga punkter:<br />
&#8211;	Ett antal släktingar från D-grenen deltar i mötet denna gång, vi välkomnar dem och hoppas att än fler kommer till nästa släktmöte<br />
&#8211;	Inofficiell kungörelse; bröllop på Bjärka Säby där Nikita Ekman gifter sig denna helg!</p>
<p>17/ Claes tackade alla och avslutade Ekmanska släktföreningens möte 2025 genom att presentera dokumentärfilmen, som visades direkt efter mötet.</p>
<p>Vid protokollet</p>
<p>__________________</p>
<p>Susanne Ekman Mathiesen</p>
<p>&nbsp;</p>
<p>Justering av protokollet utfört av:<br />
Datum &amp; ort:&nbsp; &nbsp; &nbsp; &nbsp; &nbsp; &nbsp; &nbsp; &nbsp; &nbsp; &nbsp; &nbsp; &nbsp; &nbsp; &nbsp; &nbsp; &nbsp; &nbsp; &nbsp; &nbsp; &nbsp; &nbsp; &nbsp; &nbsp;Datum &amp; ort:</p>
<p>___________________ &nbsp; &nbsp; &nbsp; &nbsp; &nbsp; &nbsp; &nbsp; &nbsp; &nbsp; &nbsp; &nbsp; &nbsp; &nbsp; ___________________</p>
<p>Anette Liljeberg&nbsp; &nbsp; &nbsp; &nbsp; &nbsp; &nbsp; &nbsp; &nbsp; &nbsp; &nbsp; &nbsp; &nbsp; &nbsp; &nbsp; &nbsp; &nbsp; &nbsp; &nbsp; &nbsp; &nbsp;&nbsp; Christian Ekman</p>
<p>Undertecknat original arkiverat.</p>

<p>Protokoll Styrelsen | Stadgar | Dagordning | Bokslut | Revisionsberättelse | Protokoll | Medlemskap Protokoll 2012 Protokoll 2015 Protokoll 2018 Protokoll 2022 Protokoll 2025 &nbsp; Protokoll Ekmanska Släktföreningen 16 augusti 2025 på Folkets Hus i Motala &nbsp; &nbsp; 1/ Claes Ekman öppnade mötet. 2/ Claes Ekman väljs till ordförande, Susanne Ekman Mathiesen väljs till protokollförare, [&hellip;]</p>
