{"id":2968,"date":"2025-07-16T15:44:15","date_gmt":"2025-07-16T15:44:15","guid":{"rendered":"https:\/\/ekmanfamily.se\/ver3\/?page_id=2968"},"modified":"2025-07-16T15:55:50","modified_gmt":"2025-07-16T15:55:50","slug":"bokslut-22-24","status":"publish","type":"page","link":"https:\/\/ekmanfamily.se\/ver3\/bokslut-22-24\/","title":{"rendered":"Bokslut 22-24"},"content":{"rendered":"<p><a href=\"styrelsen\/\">Styrelsen<\/a> | <a href=\"stadgar\/\">Stadgar<\/a> | <a href=\"dagordning\/\">Dagordning<\/a> | <a href=\"bokslut\/\">Bokslut<\/a> | <a href=\"revisionsberattelse\/\">Revisionsber\u00e4ttelse<\/a> | <a href=\"protokoll\/\">Protokoll<\/a> | <a href=\"medlemskap\/\">Medlemskap<\/a><br \/>\n<a class=\"green_link\" href=\"http:\/\/ekmanfamily.se\/ver3\/bokslut-08-11\/\">Bokslut 08-11<\/a><br \/>\n<a class=\"green_link\" href=\"http:\/\/ekmanfamily.se\/ver3\/bokslut\/\">Bokslut 12-14<\/a><br \/>\n<a class=\"green_link\" href=\"http:\/\/ekmanfamily.se\/ver3\/bokslut-15-17\/\">Bokslut 15-17<\/a><br \/>\n<a class=\"green_link\" href=\"http:\/\/ekmanfamily.se\/ver3\/bokslut-18-20\/\">Bokslut 18-21<\/a><br \/>\n<a class=\"green_link\" href=\"http:\/\/ekmanfamily.se\/ver3\/bokslut-22-24\/\">Bokslut 22-24<\/a><\/p>\n<h1>Bokslut 2022-2024<\/h1>\n<table style=\"width: 100%;\">\n<tbody>\n<tr>\n<td>&nbsp;<\/td>\n<td>&nbsp;<\/td>\n<td>&nbsp;<\/td>\n<td>&nbsp;<\/td>\n<td>&nbsp;<\/td>\n<\/tr>\n<tr>\n<td><strong>INKOMSTER<\/strong><\/td>\n<td>&nbsp;<\/td>\n<td align=\"right\">&nbsp;&nbsp;2022<\/td>\n<td align=\"right\">&nbsp;2023<\/td>\n<td align=\"right\">&nbsp;2024<\/td>\n<\/tr>\n<tr>\n<td>&nbsp;<\/td>\n<td>&nbsp;<\/td>\n<td>&nbsp;<\/td>\n<td>&nbsp;<\/td>\n<td>&nbsp;<\/td>\n<\/tr>\n<tr>\n<td>UTDELNING P\u00c5 AKTIER<\/td>\n<td>&nbsp;<\/td>\n<td align=\"right\">228 658,00<\/td>\n<td align=\"right\">262 532,00<\/td>\n<td align=\"right\">260 734,00<\/td>\n<\/tr>\n<tr>\n<td>&nbsp;<\/td>\n<td>&nbsp;<\/td>\n<td>&nbsp;<\/td>\n<td>&nbsp;<\/td>\n<td>&nbsp;<\/td>\n<\/tr>\n<tr>\n<td>VINST AVYTTRING V\u00c4RDEPAPPER<\/td>\n<td>&nbsp;<\/td>\n<td align=\"right\">0,00<\/td>\n<td align=\"right\">0,00<\/td>\n<td align=\"right\">0,00<\/td>\n<\/tr>\n<tr>\n<td>&nbsp;<\/td>\n<td>&nbsp;<\/td>\n<td>&nbsp;<\/td>\n<td>&nbsp;<\/td>\n<td>&nbsp;<\/td>\n<\/tr>\n<tr>\n<td>DIV. INT\u00c4KTER<\/td>\n<td>&nbsp;<\/td>\n<td align=\"right\">0,00<\/td>\n<td align=\"right\">0,00<\/td>\n<td align=\"right\">0,00<\/td>\n<\/tr>\n<tr>\n<td>&nbsp;<\/td>\n<td>&nbsp;<\/td>\n<td>&nbsp;<\/td>\n<td>&nbsp;<\/td>\n<td>&nbsp;<\/td>\n<\/tr>\n<tr>\n<td>R\u00c4NTOR<\/td>\n<td>&nbsp;<\/td>\n<td align=\"right\">0,00<\/td>\n<td align=\"right\">2 134,00<\/td>\n<td align=\"right\">12 472,00<\/td>\n<\/tr>\n<tr>\n<td>&nbsp;<\/td>\n<td>&nbsp;<\/td>\n<td>&nbsp;<\/td>\n<td>&nbsp;<\/td>\n<td>&nbsp;<\/td>\n<\/tr>\n<tr>\n<td><strong>TOTALT<\/strong><\/td>\n<td>&nbsp;<\/td>\n<td align=\"right\"><strong>228 658,00<\/strong><\/td>\n<td align=\"right\"><strong>264 666,00<\/strong><\/td>\n<td align=\"right\"><strong>273 206,00<\/strong><\/td>\n<\/tr>\n<tr>\n<td>&nbsp;<\/td>\n<td>&nbsp;<\/td>\n<td>&nbsp;<\/td>\n<td>&nbsp;<\/td>\n<td>&nbsp;<\/td>\n<\/tr>\n<tr>\n<td>&nbsp;<\/td>\n<td>&nbsp;<\/td>\n<td>&nbsp;<\/td>\n<td>&nbsp;<\/td>\n<td>&nbsp;<\/td>\n<\/tr>\n<tr>\n<td><strong>UTGIFTER<\/strong><\/td>\n<td>&nbsp;<\/td>\n<td>&nbsp;<\/td>\n<td>&nbsp;<\/td>\n<td>&nbsp;<\/td>\n<\/tr>\n<tr>\n<td>&nbsp;<\/td>\n<td>&nbsp;<\/td>\n<td>&nbsp;<\/td>\n<td>&nbsp;<\/td>\n<td>&nbsp;<\/td>\n<\/tr>\n<tr>\n<td>F\u00d6RLUST AVYTTRING V\u00c4RDEPAPPER<\/td>\n<td>&nbsp;<\/td>\n<td align=\"right\">0,00<\/td>\n<td align=\"right\">0,00<\/td>\n<td align=\"right\">0,00<\/td>\n<\/tr>\n<tr>\n<td>&nbsp;<\/td>\n<td>&nbsp;<\/td>\n<td>&nbsp;<\/td>\n<td>&nbsp;<\/td>\n<td>&nbsp;<\/td>\n<\/tr>\n<tr>\n<td>DIV. OMKOSTNADER<\/td>\n<td>&nbsp;<\/td>\n<td align=\"right\">337 220,00<\/td>\n<td align=\"right\">156 513,00<\/td>\n<td align=\"right\">214 449,00<\/td>\n<\/tr>\n<tr>\n<td>&nbsp;<\/td>\n<td>&nbsp;<\/td>\n<td>&nbsp;<\/td>\n<td>&nbsp;<\/td>\n<td>&nbsp;<\/td>\n<\/tr>\n<tr>\n<td>SKATT<\/td>\n<td>&nbsp;<\/td>\n<td align=\"right\">52 322,00<\/td>\n<td align=\"right\">54 258,00<\/td>\n<td align=\"right\">55 994,00<\/td>\n<\/tr>\n<tr>\n<td>&nbsp;<\/td>\n<td>&nbsp;<\/td>\n<td>&nbsp;<\/td>\n<td>&nbsp;<\/td>\n<td>&nbsp;<\/td>\n<\/tr>\n<tr>\n<td><strong>TOTALT<\/strong><\/td>\n<td>&nbsp;<\/td>\n<td align=\"right\"><strong>389 542,00<\/strong><\/td>\n<td align=\"right\"><strong>210 771,00<\/strong><\/td>\n<td align=\"right\"><strong>270 443,00<\/strong><\/td>\n<\/tr>\n<tr>\n<td>&nbsp;<\/td>\n<td>&nbsp;<\/td>\n<td>&nbsp;<\/td>\n<td>&nbsp;<\/td>\n<\/tr>\n<tr>\n<td>\u00c5RETS VINST (F\u00d6RLUST -) EFTER SKATT<\/td>\n<td>&nbsp;<\/td>\n<td align=\"right\"><strong>160 884,00<\/strong><\/td>\n<td align=\"right\"><strong>53 895,00<\/strong><\/td>\n<td align=\"right\"><strong>2 763,00<\/strong><\/td>\n<\/tr>\n<tr>\n<td>&nbsp;<\/td>\n<td>&nbsp;<\/td>\n<td>&nbsp;<\/td>\n<td>&nbsp;<\/td>\n<td>&nbsp;<\/td>\n<\/tr>\n<tr>\n<td>&nbsp;<\/td>\n<td>&nbsp;<\/td>\n<td>&nbsp;<\/td>\n<td>&nbsp;<\/td>\n<td>&nbsp;<\/td>\n<\/tr>\n<tr>\n<td><strong>TILLG\u00c5NGAR<\/strong><\/td>\n<td>&nbsp;<\/td>\n<td>&nbsp;<\/td>\n<td>&nbsp;<\/td>\n<td>&nbsp;<\/td>\n<\/tr>\n<tr>\n<td>&nbsp;<\/td>\n<td>&nbsp;<\/td>\n<td>&nbsp;<\/td>\n<td>&nbsp;<\/td>\n<td>&nbsp;<\/td>\n<\/tr>\n<tr>\n<td>BANKKONTON:<\/td>\n<td>&nbsp;<\/td>\n<td>&nbsp;<\/td>\n<td>&nbsp;<\/td>\n<td>&nbsp;<\/td>\n<\/tr>\n<tr>\n<td>&nbsp;<\/td>\n<td>&nbsp;<\/td>\n<td>&nbsp;<\/td>\n<td>&nbsp;<\/td>\n<td>&nbsp;<\/td>\n<\/tr>\n<tr>\n<td>SVENSKA HANDELSBANKEN<\/td>\n<td>&nbsp;<\/td>\n<td align=\"right\">23 573,00<\/td>\n<td align=\"right\">179 637,00<\/td>\n<td align=\"right\">201 097,00<\/td>\n<\/tr>\n<tr>\n<td>&nbsp;<\/td>\n<td>&nbsp;<\/td>\n<td>&nbsp;<\/td>\n<td>&nbsp;<\/td>\n<td>&nbsp;<\/td>\n<\/tr>\n<tr>\n<td>AVANZA SPARKONTO<\/td>\n<td>&nbsp;<\/td>\n<td align=\"right\">0,00<\/td>\n<td align=\"right\">0,00<\/td>\n<td align=\"right\">571 131,00<\/td>\n<\/tr>\n<tr>\n<td>&nbsp;<\/td>\n<td>&nbsp;<\/td>\n<td>&nbsp;<\/td>\n<td>&nbsp;<\/td>\n<td>&nbsp;<\/td>\n<\/tr>\n<tr>\n<td>KAPITALF\u00d6RS\u00c4KRING AVANZA<\/td>\n<td>&nbsp;<\/td>\n<td align=\"right\">805 000,00<\/td>\n<td align=\"right\">635 000,00<\/td>\n<td align=\"right\">71 308,00<\/td>\n<\/tr>\n<tr>\n<td>&nbsp;<\/td>\n<td>&nbsp;<\/td>\n<td>&nbsp;<\/td>\n<td>&nbsp;<\/td>\n<td>&nbsp;<\/td>\n<\/tr>\n<tr>\n<td>AKTIER T BOKF\u00d6RT V\u00c4RDE<\/td>\n<td>&nbsp;<\/td>\n<td align=\"right\">1 249 715,00<\/td>\n<td align=\"right\">1 249 715,00<\/td>\n<td align=\"right\">1 249 715,00<\/td>\n<\/tr>\n<tr>\n<td>&nbsp;<\/td>\n<td>&nbsp;<\/td>\n<td>&nbsp;<\/td>\n<td>&nbsp;<\/td>\n<td>&nbsp;<\/td>\n<\/tr>\n<tr>\n<td>AKTIER V\u00c4RDEF\u00d6R\u00c4NDRING<\/td>\n<td>&nbsp;<\/td>\n<td align=\"right\">6 272 688,00<\/td>\n<td align=\"right\">7 721 408,00<\/td>\n<td align=\"right\">9 055 900,00<\/td>\n<\/tr>\n<tr>\n<td>&nbsp;<\/td>\n<td>&nbsp;<\/td>\n<td>&nbsp;<\/td>\n<td>&nbsp;<\/td>\n<td>&nbsp;<\/td>\n<\/tr>\n<tr>\n<td>SKATTEFORDRAN<\/td>\n<td>&nbsp;<\/td>\n<td align=\"right\"><\/td>\n<td align=\"right\">16 001,00<\/td>\n<td align=\"right\"><\/td>\n<\/tr>\n<tr>\n<td>&nbsp;<\/td>\n<td>&nbsp;<\/td>\n<td>&nbsp;<\/td>\n<td>&nbsp;<\/td>\n<td>&nbsp;<\/td>\n<\/tr>\n<tr>\n<td><strong>TOTAL<\/strong><\/td>\n<td><strong>&nbsp;<\/strong><\/td>\n<td align=\"right\"><strong>8 350 976,00<\/strong><\/td>\n<td align=\"right\"><strong>9 801 761,00<\/strong><\/td>\n<td align=\"right\"><strong>11 149 151,00<\/strong><\/td>\n<\/tr>\n<tr>\n<td>&nbsp;<\/td>\n<td>&nbsp;<\/td>\n<td>&nbsp;<\/td>\n<td>&nbsp;<\/td>\n<td>&nbsp;<\/td>\n<\/tr>\n<tr>\n<td>&nbsp;<\/td>\n<td>&nbsp;<\/td>\n<td>&nbsp;<\/td>\n<td>&nbsp;<\/td>\n<td>&nbsp;<\/td>\n<\/tr>\n<tr>\n<td><strong>SKULDER<\/strong><\/td>\n<td>&nbsp;<\/td>\n<td>&nbsp;<\/td>\n<td>&nbsp;<\/td>\n<td>&nbsp;<\/td>\n<\/tr>\n<tr>\n<td>&nbsp;<\/td>\n<td>&nbsp;<\/td>\n<td>&nbsp;<\/td>\n<td>&nbsp;<\/td>\n<td>&nbsp;<\/td>\n<\/tr>\n<tr>\n<td>SKATTESKULD<\/td>\n<td>&nbsp;<\/td>\n<td align=\"right\">51 829,00<\/td>\n<td align=\"right\">0,00<\/td>\n<td align=\"right\">10 135,00<\/td>\n<\/tr>\n<tr>\n<td>&nbsp;<\/td>\n<td>&nbsp;<\/td>\n<td>&nbsp;<\/td>\n<td>&nbsp;<\/td>\n<td>&nbsp;<\/td>\n<\/tr>\n<tr>\n<td>LATENT SKATTESKULD<\/td>\n<td>&nbsp;<\/td>\n<td align=\"right\">1 292 173,00<\/td>\n<td align=\"right\">1 590 610,00<\/td>\n<td align=\"right\">1 865 515,00<\/td>\n<\/tr>\n<tr>\n<td>&nbsp;<\/td>\n<td>&nbsp;<\/td>\n<td>&nbsp;<\/td>\n<td>&nbsp;<\/td>\n<td>&nbsp;<\/td>\n<\/tr>\n<tr>\n<td>\u00c5RETS VINST (F\u00d6RLUST-)<\/td>\n<td>&nbsp;<\/td>\n<td align=\"right\">-160 884<\/td>\n<td align=\"right\">53 895,00<\/td>\n<td align=\"right\">2 763,00<\/td>\n<\/tr>\n<tr>\n<td>&nbsp;<\/td>\n<td>&nbsp;<\/td>\n<td>&nbsp;<\/td>\n<td>&nbsp;<\/td>\n<td>&nbsp;<\/td>\n<\/tr>\n<tr>\n<td>BALANSERAT EGET KAPITAL<\/td>\n<td>&nbsp;<\/td>\n<td align=\"right\">2 187 343<\/td>\n<td align=\"right\">2 026 458,00<\/td>\n<td align=\"right\">2 080 353,00<\/td>\n<\/tr>\n<tr>\n<td>&nbsp;<\/td>\n<td>&nbsp;<\/td>\n<td>&nbsp;<\/td>\n<td>&nbsp;<\/td>\n<td>&nbsp;<\/td>\n<\/tr>\n<tr>\n<td>DOLD RESERV I EGET KAPITAL<\/td>\n<td>&nbsp;<\/td>\n<td align=\"right\">4 980 515,00<\/td>\n<td align=\"right\">6 130 798,00<\/td>\n<td align=\"right\">7 190 385,00<\/td>\n<\/tr>\n<tr>\n<td>&nbsp;<\/td>\n<td>&nbsp;<\/td>\n<td>&nbsp;<\/td>\n<td>&nbsp;<\/td>\n<td>&nbsp;<\/td>\n<\/tr>\n<tr>\n<td><strong>TOTAL<\/strong><\/td>\n<td>&nbsp;<\/td>\n<td align=\"right\"><strong>8 350 976,00<\/strong><\/td>\n<td align=\"right\"><strong>9 801 761,00<\/strong><\/td>\n<td align=\"right\"><strong>11 149 151,00<\/strong><\/td>\n<\/tr>\n<tr>\n<td colspan=\"5\">&nbsp;<\/td>\n<\/tr>\n<tr>\n<td colspan=\"5\">&nbsp;<\/td>\n<\/tr>\n<\/tbody>\n<\/table>\n<h2>V\u00c4RDEPAPPERSINNEHAV PER DEN 31 DECEMBER 2024<\/h2>\n<table style=\"width: 100%;\">\n<tbody>\n<tr>\n<td>V\u00c4RDEPAPPER<\/td>\n<td>&nbsp;<\/td>\n<td align=\"right\">Antal<\/td>\n<td align=\"right\">&nbsp; \u00c5r<\/td>\n<td align=\"right\">Anskaffningsv\u00e4rde<\/td>\n<td align=\"right\">Ink\u00f6pskurs<\/td>\n<td align=\"right\">Marknadsv\u00e4rde<\/td>\n<td align=\"right\">Marknadskurs<\/td>\n<\/tr>\n<tr>\n<td>SEB-A<\/td>\n<td>&nbsp;<\/td>\n<td align=\"right\">6 240<\/td>\n<td align=\"right\">1981\/04<\/td>\n<td align=\"right\">&nbsp; &nbsp; 18,42<\/td>\n<td align=\"right\">&nbsp; &nbsp; 114 945<\/td>\n<td align=\"right\">&nbsp; &nbsp; &nbsp;&nbsp; 151,45<\/td>\n<td align=\"right\">&nbsp; &nbsp; &nbsp; 945 048<\/td>\n<\/tr>\n<tr>\n<td>INVESTOR-B<\/td>\n<td>&nbsp;<\/td>\n<td align=\"right\">16 000<\/td>\n<td align=\"right\">1996\/04<\/td>\n<td align=\"right\">&nbsp; &nbsp; 48,12<\/td>\n<td align=\"right\">&nbsp; &nbsp; 192 490<\/td>\n<td align=\"right\">&nbsp; &nbsp;&nbsp; 292,70<\/td>\n<td align=\"right\">&nbsp; &nbsp;&nbsp; 4 683 200<\/td>\n<\/tr>\n<tr>\n<td>Ekman &amp; Co<\/td>\n<td>&nbsp;<\/td>\n<td align=\"right\">8 328<\/td>\n<td align=\"right\">1999<\/td>\n<td align=\"right\">&nbsp; 15,06<\/td>\n<td align=\"right\">&nbsp; &nbsp;125 426<\/td>\n<td align=\"right\">&nbsp; &nbsp; &nbsp;&nbsp; 197,45<\/td>\n<td align=\"right\">&nbsp; &nbsp; &nbsp; 1 644 364<\/td>\n<\/tr>\n<tr>\n<td>ELECTROLUX-B<\/td>\n<td>&nbsp;<\/td>\n<td align=\"right\">500<\/td>\n<td align=\"right\">2004<\/td>\n<td align=\"right\">&nbsp;&nbsp;&nbsp; 49,54<\/td>\n<td align=\"right\">&nbsp;&nbsp;&nbsp;&nbsp; 22 642<\/td>\n<td align=\"right\">&nbsp;&nbsp;&nbsp;&nbsp; 91,90<\/td>\n<td align=\"right\">&nbsp;&nbsp;&nbsp;&nbsp; 45 950<\/td>\n<\/tr>\n<tr>\n<td>ELUX Professional-B<\/td>\n<td>&nbsp;<\/td>\n<td align=\"right\">500<\/td>\n<td align=\"right\">2004<\/td>\n<td align=\"right\">&nbsp;&nbsp;&nbsp; 7,40<\/td>\n<td align=\"right\">&nbsp;&nbsp;&nbsp;&nbsp; 3 702<\/td>\n<td align=\"right\">&nbsp;&nbsp;&nbsp;&nbsp; 68,50<\/td>\n<td align=\"right\">&nbsp;&nbsp;&nbsp;&nbsp; 34 250<\/td>\n<\/tr>\n<tr>\n<td>INDUSTRIV\u00c4RDEN-C<\/td>\n<td>&nbsp;<\/td>\n<td align=\"right\">2 000<\/td>\n<td align=\"right\">2008<\/td>\n<td align=\"right\">&nbsp; &nbsp; 47,65<\/td>\n<td align=\"right\">&nbsp; &nbsp; &nbsp;95 299<\/td>\n<td align=\"right\">&nbsp; &nbsp;&nbsp; 349,10<\/td>\n<td align=\"right\">&nbsp; &nbsp; &nbsp; 698 200<\/td>\n<\/tr>\n<tr>\n<td>HUSQVARNA-B<\/td>\n<td>&nbsp;<\/td>\n<td align=\"right\">1 250<\/td>\n<td align=\"right\">2008<\/td>\n<td align=\"right\">&nbsp; &nbsp;33,18<\/td>\n<td align=\"right\">&nbsp; &nbsp; 41 469<\/td>\n<td align=\"right\">&nbsp; &nbsp; &nbsp; &nbsp;57,74<\/td>\n<td align=\"right\">&nbsp; &nbsp; &nbsp; &nbsp;72 175<\/td>\n<\/tr>\n<tr>\n<td>TELIA COMPANY<\/td>\n<td>&nbsp;<\/td>\n<td align=\"right\">7 000<\/td>\n<td align=\"right\">06-08<\/td>\n<td align=\"right\">&nbsp; &nbsp;40,36<\/td>\n<td align=\"right\">&nbsp; 282 577<\/td>\n<td align=\"right\">&nbsp; &nbsp; &nbsp; &nbsp;30,67<\/td>\n<td align=\"right\">&nbsp; &nbsp; &nbsp;214 690<\/td>\n<\/tr>\n<tr>\n<td>SECURITAS-B<\/td>\n<td>&nbsp;<\/td>\n<td align=\"right\">3 142<\/td>\n<td align=\"right\">2013<\/td>\n<td align=\"right\">&nbsp; 54,44<\/td>\n<td align=\"right\">&nbsp;171 039<\/td>\n<td align=\"right\">&nbsp; &nbsp; &nbsp; &nbsp;136,90<\/td>\n<td align=\"right\">&nbsp; &nbsp; 430 140<\/td>\n<\/tr>\n<tr>\n<td>SANDVIK<\/td>\n<td>&nbsp;<\/td>\n<td align=\"right\">4 000<\/td>\n<td align=\"right\">2008<\/td>\n<td align=\"right\">&nbsp;41,04<\/td>\n<td align=\"right\">164 148<\/td>\n<td align=\"right\">&nbsp; &nbsp; &nbsp; &nbsp; 198,30<\/td>\n<td align=\"right\">&nbsp; &nbsp; 793 200<\/td>\n<\/tr>\n<tr>\n<td>ALLEIMA<\/td>\n<td>&nbsp;<\/td>\n<td align=\"right\">800<\/td>\n<td align=\"right\">2022<\/td>\n<td align=\"right\">&nbsp;10,67<\/td>\n<td align=\"right\">8 536<\/td>\n<td align=\"right\">&nbsp; &nbsp; &nbsp; &nbsp; 75,10<\/td>\n<td align=\"right\">&nbsp; &nbsp; 60 080<\/td>\n<\/tr>\n<tr>\n<td>VOLVO-B<\/td>\n<td>&nbsp;<\/td>\n<td align=\"right\">1 000<\/td>\n<td align=\"right\">2008<\/td>\n<td align=\"right\">&nbsp;36,00<\/td>\n<td align=\"right\">&nbsp; 35 999<\/td>\n<td align=\"right\">&nbsp; &nbsp; &nbsp; &nbsp; 268,60<\/td>\n<td align=\"right\">&nbsp; &nbsp; &nbsp; 268 600<\/td>\n<\/tr>\n<tr>\n<td><strong>TOTALT<\/strong><\/td>\n<td>&nbsp;<\/td>\n<td>&nbsp;<\/td>\n<td>&nbsp;<\/td>\n<td>&nbsp;<\/td>\n<td align=\"right\"><strong>1 249 716<\/strong><\/td>\n<td>&nbsp;<\/td>\n<td align=\"right\"><strong>9 889 896<\/strong><\/td>\n<\/tr>\n<tr>\n<td>&nbsp;<\/td>\n<td>&nbsp;<\/td>\n<td>&nbsp;<\/td>\n<td>&nbsp;<\/td>\n<td>&nbsp;<\/td>\n<td>&nbsp;<\/td>\n<td>&nbsp;<\/td>\n<td>&nbsp;<\/td>\n<\/tr>\n<tr>\n<td>KAPTIALF\u00d6RS\u00c4KRING AVANZA<\/td>\n<td>&nbsp;<\/td>\n<td>&nbsp;<\/td>\n<td>&nbsp;<\/td>\n<td>&nbsp;<\/td>\n<td align=\"right\">71 308<\/td>\n<td>&nbsp;<\/td>\n<td align=\"right\">487 027<\/td>\n<\/tr>\n<tr>\n<td><strong>SUMMA<\/strong><\/td>\n<td>&nbsp;<\/td>\n<td>&nbsp;<\/td>\n<td>&nbsp;<\/td>\n<td>&nbsp;<\/td>\n<td align=\"right\"><strong>1 321 024<\/strong><\/td>\n<td>&nbsp;<\/td>\n<td align=\"right\"><strong>10 376 923<\/strong><\/td>\n<\/tr>\n<tr>\n<td colspan=\"8\">&nbsp;<\/td>\n<\/tr>\n<\/tbody>\n<\/table>\n<table style=\"width: 100%;\">\n<tbody>\n<tr>\n<td>&nbsp;<\/td>\n<td>&nbsp;<\/td>\n<td>&nbsp;<\/td>\n<td>&nbsp;<\/td>\n<td>&nbsp;<\/td>\n<\/tr>\n<tr>\n<td>Claes Ekman<\/td>\n<td>Gustaf Ekman<\/td>\n<td>Hedvig Ekman<\/td>\n<td>Fredric Ekman<\/td>\n<td>Jonas Ekman<\/td>\n<td>Christian Ekman<\/td>\n<td>Annika Ekman<\/td>\n<\/tr>\n<tr>\n<td>Ordf\u00f6rande<\/td>\n<td>V-Ordf\u00f6rande<\/td>\n<td>Sekreterare<\/td>\n<td>Skattm\u00e4stare<\/td>\n<td>Ledamot<\/td>\n<td>Suppleant<\/td>\n<td>Suppleant<\/td>\n<\/tr>\n<tr>\n<td>B:4:2:4<\/td>\n<td>A:3:4:5<\/td>\n<td>C:3:4:1:1:1<\/td>\n<td>C:3:4:3:3<\/td>\n<td>A:3:3:2:1<\/td>\n<td>C:3:4:2:2:3<\/td>\n<td>C:3:4:3:3:3<\/td>\n<\/tr>\n<tr>\n<td>&nbsp;<\/td>\n<td>&nbsp;<\/td>\n<td>&nbsp;<\/td>\n<td>&nbsp;<\/td>\n<td>&nbsp;<\/td>\n<td>&nbsp;<\/td>\n<\/tr>\n<tr>\n<td>&nbsp;<\/td>\n<td>&nbsp;<\/td>\n<td>&nbsp;<\/td>\n<td>&nbsp;<\/td>\n<td>&nbsp;<\/td>\n<td>&nbsp;<\/td>\n<\/tr>\n<\/tbody>\n<\/table>\n<h2>Revisionsber\u00e4ttelse avser 2025 f\u00f6r \u00e5ren 2022-2024<\/h2>\n<p>Revisorer: Caroline Ekman C:3:2:7:2:1 och Nils Liljeberg (C:3:4:3:3:1)<\/p>\n","protected":false},"excerpt":{"rendered":"<p>Styrelsen | Stadgar | Dagordning | Bokslut | Revisionsber\u00e4ttelse | Protokoll | Medlemskap Bokslut 08-11 Bokslut 12-14 Bokslut 15-17 Bokslut 18-21 Bokslut 22-24 Bokslut 2022-2024 &nbsp; &nbsp; &nbsp; &nbsp; &nbsp; INKOMSTER &nbsp; &nbsp;&nbsp;2022 &nbsp;2023 &nbsp;2024 &nbsp; &nbsp; &nbsp; &nbsp; &nbsp; UTDELNING P\u00c5 AKTIER &nbsp; 228 658,00 262 532,00 260 734,00 &nbsp; &nbsp; &nbsp; &nbsp; &nbsp; [&hellip;]<\/p>\n","protected":false},"author":3,"featured_media":0,"parent":0,"menu_order":0,"comment_status":"closed","ping_status":"closed","template":"","meta":{"_acf_changed":false,"ngg_post_thumbnail":0,"footnotes":""},"tags":[],"class_list":["post-2968","page","type-page","status-publish","hentry"],"acf":[],"_links":{"self":[{"href":"https:\/\/ekmanfamily.se\/ver3\/wp-json\/wp\/v2\/pages\/2968","targetHints":{"allow":["GET"]}}],"collection":[{"href":"https:\/\/ekmanfamily.se\/ver3\/wp-json\/wp\/v2\/pages"}],"about":[{"href":"https:\/\/ekmanfamily.se\/ver3\/wp-json\/wp\/v2\/types\/page"}],"author":[{"embeddable":true,"href":"https:\/\/ekmanfamily.se\/ver3\/wp-json\/wp\/v2\/users\/3"}],"replies":[{"embeddable":true,"href":"https:\/\/ekmanfamily.se\/ver3\/wp-json\/wp\/v2\/comments?post=2968"}],"version-history":[{"count":0,"href":"https:\/\/ekmanfamily.se\/ver3\/wp-json\/wp\/v2\/pages\/2968\/revisions"}],"wp:attachment":[{"href":"https:\/\/ekmanfamily.se\/ver3\/wp-json\/wp\/v2\/media?parent=2968"}],"wp:term":[{"taxonomy":"post_tag","embeddable":true,"href":"https:\/\/ekmanfamily.se\/ver3\/wp-json\/wp\/v2\/tags?post=2968"}],"curies":[{"name":"wp","href":"https:\/\/api.w.org\/{rel}","templated":true}]}}