{"id":2507,"date":"2019-04-08T20:43:02","date_gmt":"2019-04-08T20:43:02","guid":{"rendered":"http:\/\/ekmanfamily.se\/ver3\/?page_id=2507"},"modified":"2025-07-16T15:55:35","modified_gmt":"2025-07-16T15:55:35","slug":"bokslut-18-20","status":"publish","type":"page","link":"https:\/\/ekmanfamily.se\/ver3\/bokslut-18-20\/","title":{"rendered":"Bokslut 18-21"},"content":{"rendered":"<p><a href=\"styrelsen\/\">Styrelsen<\/a> | <a href=\"stadgar\/\">Stadgar<\/a> | <a href=\"dagordning\/\">Dagordning<\/a> | <a href=\"bokslut\/\">Bokslut<\/a> | <a href=\"revisionsberattelse\/\">Revisionsber\u00e4ttelse<\/a> | <a href=\"protokoll\/\">Protokoll<\/a> | <a href=\"medlemskap\/\">Medlemskap<\/a><br \/>\n<a class=\"green_link\" href=\"http:\/\/ekmanfamily.se\/ver3\/bokslut-08-11\/\">Bokslut 08-11<\/a><br \/>\n<a class=\"green_link\" href=\"http:\/\/ekmanfamily.se\/ver3\/bokslut\/\">Bokslut 12-14<\/a><br \/>\n<a class=\"green_link\" href=\"http:\/\/ekmanfamily.se\/ver3\/bokslut-15-17\/\">Bokslut 15-17<\/a><br \/>\n<a class=\"green_link\" href=\"http:\/\/ekmanfamily.se\/ver3\/bokslut-18-20\/\">Bokslut 18-21<\/a><br \/>\n<a class=\"green_link\" href=\"http:\/\/ekmanfamily.se\/ver3\/bokslut-22-24\/\">Bokslut 22-24<\/a><\/p>\n<h1>Bokslut 2018-2021<\/h1>\n<table style=\"width: 100%;\">\n<tbody>\n<tr>\n<td>&nbsp;<\/td>\n<td>&nbsp;<\/td>\n<td>&nbsp;<\/td>\n<td>&nbsp;<\/td>\n<td>&nbsp;<\/td>\n<\/tr>\n<tr>\n<td><strong>INKOMSTER<\/strong><\/td>\n<td>&nbsp;<\/td>\n<td align=\"right\">&nbsp;&nbsp;2018<\/td>\n<td align=\"right\">&nbsp;&nbsp;2019<\/td>\n<td align=\"right\">&nbsp;2020<\/td>\n<td align=\"right\">&nbsp;2021<\/td>\n<\/tr>\n<tr>\n<td>&nbsp;<\/td>\n<td>&nbsp;<\/td>\n<td>&nbsp;<\/td>\n<td>&nbsp;<\/td>\n<td>&nbsp;<\/td>\n<\/tr>\n<tr>\n<td>UTDELNING P\u00c5 AKTIER<\/td>\n<td>&nbsp;<\/td>\n<td align=\"right\">189 996,50<\/td>\n<td align=\"right\">205 082,50<\/td>\n<td align=\"right\">69 062,50<\/td>\n<td align=\"right\">236 480,00<\/td>\n<\/tr>\n<tr>\n<td>&nbsp;<\/td>\n<td>&nbsp;<\/td>\n<td>&nbsp;<\/td>\n<td>&nbsp;<\/td>\n<td>&nbsp;<\/td>\n<\/tr>\n<tr>\n<td>VINST AVYTTRING V\u00c4RDEPAPPER<\/td>\n<td>&nbsp;<\/td>\n<td align=\"right\">0,00<\/td>\n<td align=\"right\">0,00<\/td>\n<td align=\"right\">0,00<\/td>\n<td align=\"right\">6 370,00<\/td>\n<\/tr>\n<tr>\n<td>&nbsp;<\/td>\n<td>&nbsp;<\/td>\n<td>&nbsp;<\/td>\n<td>&nbsp;<\/td>\n<td>&nbsp;<\/td>\n<\/tr>\n<tr>\n<td>DIV. INT\u00c4KTER<\/td>\n<td>&nbsp;<\/td>\n<td align=\"right\">0,00<\/td>\n<td align=\"right\">0,00<\/td>\n<td align=\"right\">0,00<\/td>\n<\/tr>\n<tr>\n<td>&nbsp;<\/td>\n<td>&nbsp;<\/td>\n<td>&nbsp;<\/td>\n<td>&nbsp;<\/td>\n<td>&nbsp;<\/td>\n<\/tr>\n<tr>\n<td>R\u00c4NTOR<\/td>\n<td>&nbsp;<\/td>\n<td align=\"right\">0,00<\/td>\n<td align=\"right\">0,00<\/td>\n<td align=\"right\">0,00<\/td>\n<\/tr>\n<tr>\n<td>&nbsp;<\/td>\n<td>&nbsp;<\/td>\n<td>&nbsp;<\/td>\n<td>&nbsp;<\/td>\n<td>&nbsp;<\/td>\n<\/tr>\n<tr>\n<td><strong>TOTALT<\/strong><\/td>\n<td>&nbsp;<\/td>\n<td align=\"right\"><strong>189 996,50<\/strong><\/td>\n<td align=\"right\"><strong>205 082,50<\/strong><\/td>\n<td align=\"right\"><strong>69 062,50<\/strong><\/td>\n<td align=\"right\"><strong>242 850,00<\/strong><\/td>\n<\/tr>\n<tr>\n<td>&nbsp;<\/td>\n<td>&nbsp;<\/td>\n<td>&nbsp;<\/td>\n<td>&nbsp;<\/td>\n<td>&nbsp;<\/td>\n<\/tr>\n<tr>\n<td>&nbsp;<\/td>\n<td>&nbsp;<\/td>\n<td>&nbsp;<\/td>\n<td>&nbsp;<\/td>\n<td>&nbsp;<\/td>\n<\/tr>\n<tr>\n<td><strong>UTGIFTER<\/strong><\/td>\n<td>&nbsp;<\/td>\n<td>&nbsp;<\/td>\n<td>&nbsp;<\/td>\n<td>&nbsp;<\/td>\n<\/tr>\n<tr>\n<td>&nbsp;<\/td>\n<td>&nbsp;<\/td>\n<td>&nbsp;<\/td>\n<td>&nbsp;<\/td>\n<td>&nbsp;<\/td>\n<\/tr>\n<tr>\n<td>F\u00d6RLUST AVYTTRING V\u00c4RDEPAPPER<\/td>\n<td>&nbsp;<\/td>\n<td align=\"right\">&nbsp; &nbsp; &nbsp; &nbsp; &nbsp;0,00<\/td>\n<td align=\"right\">0,00<\/td>\n<td align=\"right\">0,00<\/td>\n<td align=\"right\">2 946,77<\/td>\n<\/tr>\n<tr>\n<td>&nbsp;<\/td>\n<td>&nbsp;<\/td>\n<td>&nbsp;<\/td>\n<td>&nbsp;<\/td>\n<td>&nbsp;<\/td>\n<\/tr>\n<tr>\n<td>DIV. OMKOSTNADER<\/td>\n<td>&nbsp;<\/td>\n<td align=\"right\">277 723,95<\/td>\n<td align=\"right\">27 659,25<\/td>\n<td align=\"right\">9 332,75<\/td>\n<td align=\"right\">55 815,50<\/td>\n<\/tr>\n<tr>\n<td>&nbsp;<\/td>\n<td>&nbsp;<\/td>\n<td>&nbsp;<\/td>\n<td>&nbsp;<\/td>\n<td>&nbsp;<\/td>\n<\/tr>\n<tr>\n<td>SKATT<\/td>\n<td>&nbsp;<\/td>\n<td align=\"right\">41 256,00<\/td>\n<td align=\"right\">43 356,00<\/td>\n<td align=\"right\">14 269,00<\/td>\n<td align=\"right\">42 655,00<\/td>\n<\/tr>\n<tr>\n<td>&nbsp;<\/td>\n<td>&nbsp;<\/td>\n<td>&nbsp;<\/td>\n<td>&nbsp;<\/td>\n<td>&nbsp;<\/td>\n<\/tr>\n<tr>\n<td><strong>TOTALT<\/strong><\/td>\n<td>&nbsp;<\/td>\n<td align=\"right\"><strong>318 979,95<\/strong><\/td>\n<td align=\"right\"><strong>71 015,25<\/strong><\/td>\n<td align=\"right\"><strong>23 601,75<\/strong><\/td>\n<td align=\"right\"><strong>101 417,27<\/strong><\/td>\n<\/tr>\n<tr>\n<td>&nbsp;<\/td>\n<td>&nbsp;<\/td>\n<td>&nbsp;<\/td>\n<td>&nbsp;<\/td>\n<td>&nbsp;<\/td>\n<\/tr>\n<tr>\n<td>\u00c5RETS VINST (F\u00d6RLUST -) EFTER SKATT<\/td>\n<td>&nbsp;<\/td>\n<td align=\"right\"><strong>-128 983,45<\/strong><\/td>\n<td align=\"right\"><strong>134 067,25<\/strong><\/td>\n<td align=\"right\"><strong>45 460,75<\/strong><\/td>\n<td align=\"right\"><strong>141 432,73<\/strong><\/td>\n<\/tr>\n<tr>\n<td>&nbsp;<\/td>\n<td>&nbsp;<\/td>\n<td>&nbsp;<\/td>\n<td>&nbsp;<\/td>\n<td>&nbsp;<\/td>\n<\/tr>\n<tr>\n<td>&nbsp;<\/td>\n<td>&nbsp;<\/td>\n<td>&nbsp;<\/td>\n<td>&nbsp;<\/td>\n<td>&nbsp;<\/td>\n<\/tr>\n<tr>\n<td><strong>TILLG\u00c5NGAR<\/strong><\/td>\n<td>&nbsp;<\/td>\n<td>&nbsp;<\/td>\n<td>&nbsp;<\/td>\n<td>&nbsp;<\/td>\n<\/tr>\n<tr>\n<td>&nbsp;<\/td>\n<td>&nbsp;<\/td>\n<td>&nbsp;<\/td>\n<td>&nbsp;<\/td>\n<td>&nbsp;<\/td>\n<\/tr>\n<tr>\n<td>BANKKONTON:<\/td>\n<td>&nbsp;<\/td>\n<td>&nbsp;<\/td>\n<td>&nbsp;<\/td>\n<td>&nbsp;<\/td>\n<\/tr>\n<tr>\n<td>&nbsp;<\/td>\n<td>&nbsp;<\/td>\n<td>&nbsp;<\/td>\n<td>&nbsp;<\/td>\n<td>&nbsp;<\/td>\n<\/tr>\n<tr>\n<td>SVENSKA HANDELSBANKEN<\/td>\n<td>&nbsp;<\/td>\n<td align=\"right\">&nbsp; 53 306,00<\/td>\n<td align=\"right\">183 580,00<\/td>\n<td align=\"right\">196 074,00<\/td>\n<td align=\"right\">199 667,00<\/td>\n<\/tr>\n<tr>\n<td>&nbsp;<\/td>\n<td>&nbsp;<\/td>\n<td>&nbsp;<\/td>\n<td>&nbsp;<\/td>\n<td>&nbsp;<\/td>\n<\/tr>\n<tr>\n<td>KAPITALF\u00d6RS\u00c4KRING AVANZA<\/td>\n<td>&nbsp;<\/td>\n<td align=\"right\">605 000,00<\/td>\n<td align=\"right\">605 000,00<\/td>\n<td align=\"right\">605 000,00<\/td>\n<td align=\"right\">805 000,00<\/td>\n<\/tr>\n<tr>\n<td>&nbsp;<\/td>\n<td>&nbsp;<\/td>\n<td>&nbsp;<\/td>\n<td>&nbsp;<\/td>\n<td>&nbsp;<\/td>\n<\/tr>\n<tr>\n<td>AKTIER T BOKF\u00d6RT V\u00c4RDE<\/td>\n<td>&nbsp;<\/td>\n<td align=\"right\">1 202 375,00<\/td>\n<td align=\"right\">1 202 375,00<\/td>\n<td align=\"right\">1 202 375,00<\/td>\n<td align=\"right\">1 197 183,00<\/td>\n<\/tr>\n<tr>\n<td>&nbsp;<\/td>\n<td>&nbsp;<\/td>\n<td>&nbsp;<\/td>\n<td>&nbsp;<\/td>\n<td>&nbsp;<\/td>\n<\/tr>\n<tr>\n<td>AKTIER V\u00c4RDEF\u00d6R\u00c4NDRING<\/td>\n<td>&nbsp;<\/td>\n<td align=\"right\">3 571 933,00<\/td>\n<td align=\"right\">4 856 706,00<\/td>\n<td align=\"right\">5 604 252,00<\/td>\n<td align=\"right\">7 769 430,00<\/td>\n<\/tr>\n<tr>\n<td>&nbsp;<\/td>\n<td>&nbsp;<\/td>\n<td>&nbsp;<\/td>\n<td>&nbsp;<\/td>\n<td>&nbsp;<\/td>\n<\/tr>\n<tr>\n<td>SKATTEFORDRAN<\/td>\n<td>&nbsp;<\/td>\n<td align=\"right\">&nbsp; &nbsp; &nbsp; 5 701,00<\/td>\n<td align=\"right\">9 494,00<\/td>\n<td align=\"right\">42 461,00<\/td>\n<td align=\"right\">0,00<\/td>\n<\/tr>\n<tr>\n<td>&nbsp;<\/td>\n<td>&nbsp;<\/td>\n<td>&nbsp;<\/td>\n<td>&nbsp;<\/td>\n<td>&nbsp;<\/td>\n<\/tr>\n<tr>\n<td><strong>TOTAL<\/strong><\/td>\n<td><strong>&nbsp;<\/strong><\/td>\n<td align=\"right\"><strong>5 438 315,00<\/strong><\/td>\n<td align=\"right\"><strong>6 857 155,00<\/strong><\/td>\n<td align=\"right\"><strong>7 650 162,00<\/strong><\/td>\n<td align=\"right\"><strong>9 971 280,00<\/strong><\/td>\n<\/tr>\n<tr>\n<td>&nbsp;<\/td>\n<td>&nbsp;<\/td>\n<td>&nbsp;<\/td>\n<td>&nbsp;<\/td>\n<td>&nbsp;<\/td>\n<\/tr>\n<tr>\n<td>&nbsp;<\/td>\n<td>&nbsp;<\/td>\n<td>&nbsp;<\/td>\n<td>&nbsp;<\/td>\n<td>&nbsp;<\/td>\n<\/tr>\n<tr>\n<td><strong>SKULDER<\/strong><\/td>\n<td>&nbsp;<\/td>\n<td>&nbsp;<\/td>\n<td>&nbsp;<\/td>\n<td>&nbsp;<\/td>\n<\/tr>\n<tr>\n<td>&nbsp;<\/td>\n<td>&nbsp;<\/td>\n<td>&nbsp;<\/td>\n<td>&nbsp;<\/td>\n<td>&nbsp;<\/td>\n<\/tr>\n<tr>\n<td>SKATTESKULD<\/td>\n<td>&nbsp;<\/td>\n<td align=\"right\">&nbsp; &nbsp;0,00<\/td>\n<td align=\"right\">0,00<\/td>\n<td align=\"right\">0,00<\/td>\n<td align=\"right\">14 507,00<\/td>\n<\/tr>\n<tr>\n<td>&nbsp;<\/td>\n<td>&nbsp;<\/td>\n<td>&nbsp;<\/td>\n<td>&nbsp;<\/td>\n<td>&nbsp;<\/td>\n<\/tr>\n<tr>\n<td>LATENT SKATTESKULD<\/td>\n<td>&nbsp;<\/td>\n<td align=\"right\">&nbsp;785 825,00<\/td>\n<td align=\"right\">1 039 335,00<\/td>\n<td align=\"right\">1 199 309,00<\/td>\n<td align=\"right\">1 600 502,00<\/td>\n<\/tr>\n<tr>\n<td>&nbsp;<\/td>\n<td>&nbsp;<\/td>\n<td>&nbsp;<\/td>\n<td>&nbsp;<\/td>\n<td>&nbsp;<\/td>\n<\/tr>\n<tr>\n<td>\u00c5RETS VINST (F\u00d6RLUST-)<\/td>\n<td>&nbsp;<\/td>\n<td align=\"right\">-128 983,00<\/td>\n<td align=\"right\">134 067,00<\/td>\n<td align=\"right\">45 461,00<\/td>\n<td align=\"right\">141 433,00<\/td>\n<\/tr>\n<tr>\n<td>&nbsp;<\/td>\n<td>&nbsp;<\/td>\n<td>&nbsp;<\/td>\n<td>&nbsp;<\/td>\n<td>&nbsp;<\/td>\n<\/tr>\n<tr>\n<td>BALANSERAT EGET KAPITAL<\/td>\n<td>&nbsp;<\/td>\n<td align=\"right\">1 995 365,00<\/td>\n<td align=\"right\">1 866 382,00<\/td>\n<td align=\"right\">2 000 449,00<\/td>\n<td align=\"right\">2 045 910,00<\/td>\n<\/tr>\n<tr>\n<td>&nbsp;<\/td>\n<td>&nbsp;<\/td>\n<td>&nbsp;<\/td>\n<td>&nbsp;<\/td>\n<td>&nbsp;<\/td>\n<\/tr>\n<tr>\n<td>DOLD RESERV I EGET KAPITAL<\/td>\n<td>&nbsp;<\/td>\n<td align=\"right\">2 786 108,00<\/td>\n<td align=\"right\">3 817 371,00<\/td>\n<td align=\"right\">4 404 943,00<\/td>\n<td align=\"right\">6 168 928,00<\/td>\n<\/tr>\n<tr>\n<td>&nbsp;<\/td>\n<td>&nbsp;<\/td>\n<td>&nbsp;<\/td>\n<td>&nbsp;<\/td>\n<td>&nbsp;<\/td>\n<\/tr>\n<tr>\n<td><strong>TOTAL<\/strong><\/td>\n<td>&nbsp;<\/td>\n<td align=\"right\"><strong>5 438 315,00<\/strong><\/td>\n<td align=\"right\"><strong>6 857 155,00<\/strong><\/td>\n<td align=\"right\"><strong>7 650 162,00<\/strong><\/td>\n<td align=\"right\"><strong>9 971 280,00<\/strong><\/td>\n<\/tr>\n<tr>\n<td colspan=\"5\">&nbsp;<\/td>\n<\/tr>\n<tr>\n<td colspan=\"5\">&nbsp;<\/td>\n<\/tr>\n<\/tbody>\n<\/table>\n<h2>V\u00c4RDEPAPPERSINNEHAV PER DEN 31 DECEMBER 2021<\/h2>\n<table style=\"width: 100%;\">\n<tbody>\n<tr>\n<td>V\u00c4RDEPAPPER<\/td>\n<td>&nbsp;<\/td>\n<td align=\"right\">Antal<\/td>\n<td align=\"right\">&nbsp; \u00c5r<\/td>\n<td align=\"right\">Anskaffningsv\u00e4rde<\/td>\n<td align=\"right\">Ink\u00f6pskurs<\/td>\n<td align=\"right\">Marknadsv\u00e4rde<\/td>\n<td align=\"right\">Marknadskurs<\/td>\n<\/tr>\n<tr>\n<td>SEB-A<\/td>\n<td>&nbsp;<\/td>\n<td align=\"right\">6 240<\/td>\n<td align=\"right\">1981\/04<\/td>\n<td align=\"right\">&nbsp; &nbsp; 18,42<\/td>\n<td align=\"right\">&nbsp; &nbsp; 114 945<\/td>\n<td align=\"right\">&nbsp; &nbsp; &nbsp;&nbsp; 125,85<\/td>\n<td align=\"right\">&nbsp; &nbsp; &nbsp; 785 304<\/td>\n<\/tr>\n<tr>\n<td>INVESTOR-B<\/td>\n<td>&nbsp;<\/td>\n<td align=\"right\">16 000<\/td>\n<td align=\"right\">1996\/04<\/td>\n<td align=\"right\">&nbsp; &nbsp; 48,12<\/td>\n<td align=\"right\">&nbsp; &nbsp; 192 490<\/td>\n<td align=\"right\">&nbsp; &nbsp;&nbsp; 227,75<\/td>\n<td align=\"right\">&nbsp; &nbsp;&nbsp; 3 644 000<\/td>\n<\/tr>\n<tr>\n<td>Ekman &amp; Co<\/td>\n<td>&nbsp;<\/td>\n<td align=\"right\">8 328<\/td>\n<td align=\"right\">1999<\/td>\n<td align=\"right\">&nbsp; 15,06<\/td>\n<td align=\"right\">&nbsp; &nbsp;125 426<\/td>\n<td align=\"right\">&nbsp; &nbsp; &nbsp;&nbsp; 142,29<\/td>\n<td align=\"right\">&nbsp; &nbsp; &nbsp; 1 184 991<\/td>\n<\/tr>\n<tr>\n<td>ELECTROLUX-B<\/td>\n<td>&nbsp;<\/td>\n<td align=\"right\">500<\/td>\n<td align=\"right\">2004<\/td>\n<td align=\"right\">&nbsp;&nbsp;&nbsp; 49,54<\/td>\n<td align=\"right\">&nbsp;&nbsp;&nbsp;&nbsp; 22 642<\/td>\n<td align=\"right\">&nbsp;&nbsp;&nbsp;&nbsp; 219,50<\/td>\n<td align=\"right\">&nbsp;&nbsp;&nbsp;&nbsp; 109 750<\/td>\n<\/tr>\n<tr>\n<td>ELUX Professional-B<\/td>\n<td>&nbsp;<\/td>\n<td align=\"right\">500<\/td>\n<td align=\"right\">2004<\/td>\n<td align=\"right\">&nbsp;&nbsp;&nbsp; 7,40<\/td>\n<td align=\"right\">&nbsp;&nbsp;&nbsp;&nbsp; 3 702<\/td>\n<td align=\"right\">&nbsp;&nbsp;&nbsp;&nbsp; 62,75<\/td>\n<td align=\"right\">&nbsp;&nbsp;&nbsp;&nbsp; 31 375<\/td>\n<\/tr>\n<tr>\n<td>INDUSTRIV\u00c4RDEN-C<\/td>\n<td>&nbsp;<\/td>\n<td align=\"right\">2 000<\/td>\n<td align=\"right\">2008<\/td>\n<td align=\"right\">&nbsp; &nbsp; 47,65<\/td>\n<td align=\"right\">&nbsp; &nbsp; &nbsp;95 299<\/td>\n<td align=\"right\">&nbsp; &nbsp;&nbsp; 284,10<\/td>\n<td align=\"right\">&nbsp; &nbsp; &nbsp; 568 200<\/td>\n<\/tr>\n<tr>\n<td>HUSQVARNA-B<\/td>\n<td>&nbsp;<\/td>\n<td align=\"right\">1 250<\/td>\n<td align=\"right\">2008<\/td>\n<td align=\"right\">&nbsp; &nbsp;33,18<\/td>\n<td align=\"right\">&nbsp; &nbsp; 41 469<\/td>\n<td align=\"right\">&nbsp; &nbsp; &nbsp; &nbsp;144,85<\/td>\n<td align=\"right\">&nbsp; &nbsp; &nbsp; &nbsp;181 063<\/td>\n<\/tr>\n<tr>\n<td>TELIA COMPANY<\/td>\n<td>&nbsp;<\/td>\n<td align=\"right\">7 000<\/td>\n<td align=\"right\">06-08<\/td>\n<td align=\"right\">&nbsp; &nbsp;40,36<\/td>\n<td align=\"right\">&nbsp; 282 577<\/td>\n<td align=\"right\">&nbsp; &nbsp; &nbsp; &nbsp;35,41<\/td>\n<td align=\"right\">&nbsp; &nbsp; &nbsp;247 835<\/td>\n<\/tr>\n<tr>\n<td>SECURITAS-B<\/td>\n<td>&nbsp;<\/td>\n<td align=\"right\">2 000<\/td>\n<td align=\"right\">2013<\/td>\n<td align=\"right\">&nbsp; 59,25<\/td>\n<td align=\"right\">&nbsp;118 506<\/td>\n<td align=\"right\">&nbsp; &nbsp; &nbsp; &nbsp;124,65<\/td>\n<td align=\"right\">&nbsp; &nbsp; 249 300<\/td>\n<\/tr>\n<tr>\n<td>SANDVIK<\/td>\n<td>&nbsp;<\/td>\n<td align=\"right\">4 000<\/td>\n<td align=\"right\">2008<\/td>\n<td align=\"right\">&nbsp;41,04<\/td>\n<td align=\"right\">164 148<\/td>\n<td align=\"right\">&nbsp; &nbsp; &nbsp; &nbsp; 252,60<\/td>\n<td align=\"right\">&nbsp; &nbsp; 1 010 400<\/td>\n<\/tr>\n<tr>\n<td>VOLVO-B<\/td>\n<td>&nbsp;<\/td>\n<td align=\"right\">1 000<\/td>\n<td align=\"right\">2008<\/td>\n<td align=\"right\">&nbsp;36,00<\/td>\n<td align=\"right\">&nbsp; 35 999<\/td>\n<td align=\"right\">&nbsp; &nbsp; &nbsp; &nbsp; 209,65<\/td>\n<td align=\"right\">&nbsp; &nbsp; &nbsp; 209 650<\/td>\n<\/tr>\n<tr>\n<td><strong>TOTALT<\/strong><\/td>\n<td>&nbsp;<\/td>\n<td>&nbsp;<\/td>\n<td>&nbsp;<\/td>\n<td>&nbsp;<\/td>\n<td align=\"right\"><strong>1 197 183<\/strong><\/td>\n<td>&nbsp;<\/td>\n<td align=\"right\"><strong>8 221 868<\/strong><\/td>\n<\/tr>\n<tr>\n<td>&nbsp;<\/td>\n<td>&nbsp;<\/td>\n<td>&nbsp;<\/td>\n<td>&nbsp;<\/td>\n<td>&nbsp;<\/td>\n<td>&nbsp;<\/td>\n<td>&nbsp;<\/td>\n<td>&nbsp;<\/td>\n<\/tr>\n<tr>\n<td>KAPTIALF\u00d6RS\u00c4KRING AVANZA<\/td>\n<td>&nbsp;<\/td>\n<td>&nbsp;<\/td>\n<td>&nbsp;<\/td>\n<td>&nbsp;<\/td>\n<td align=\"right\">805 000<\/td>\n<td>&nbsp;<\/td>\n<td align=\"right\">1 318 948<\/td>\n<\/tr>\n<tr>\n<td><strong>SUMMA<\/strong><\/td>\n<td>&nbsp;<\/td>\n<td>&nbsp;<\/td>\n<td>&nbsp;<\/td>\n<td>&nbsp;<\/td>\n<td align=\"right\"><strong>2 002 183<\/strong><\/td>\n<td>&nbsp;<\/td>\n<td align=\"right\"><strong>9 540 816<\/strong><\/td>\n<\/tr>\n<tr>\n<td colspan=\"8\">&nbsp;<\/td>\n<\/tr>\n<\/tbody>\n<\/table>\n<table style=\"width: 100%;\">\n<tbody>\n<tr>\n<td>&nbsp;<\/td>\n<td>&nbsp;<\/td>\n<td>&nbsp;<\/td>\n<td>&nbsp;<\/td>\n<td>&nbsp;<\/td>\n<\/tr>\n<tr>\n<td>Peter Ekman<\/td>\n<td>Claes Ekman<\/td>\n<td>Jonas Ekman<\/td>\n<td>Hedvig Ekman<\/td>\n<td>Fredric Ekman<\/td>\n<\/tr>\n<tr>\n<td>Ordf\u00f6rande<\/td>\n<td>Skattm\u00e4stare<\/td>\n<td>Ledamot<\/td>\n<td>Ledamot<\/td>\n<td>Ledamot<\/td>\n<\/tr>\n<tr>\n<td>B:4:2:4<\/td>\n<td>C:3:4:3:3<\/td>\n<td>A:3:3:2:1<\/td>\n<td>C:3:4:1:1:1<\/td>\n<td>B:4:2:4:1<\/td>\n<\/tr>\n<tr>\n<td>&nbsp;<\/td>\n<td>&nbsp;<\/td>\n<td>&nbsp;<\/td>\n<td>&nbsp;<\/td>\n<td>&nbsp;<\/td>\n<\/tr>\n<tr>\n<td>&nbsp;<\/td>\n<td>&nbsp;<\/td>\n<td>&nbsp;<\/td>\n<td>&nbsp;<\/td>\n<td>&nbsp;<\/td>\n<\/tr>\n<\/tbody>\n<\/table>\n<h2>Revisionsber\u00e4ttelse avser 2022 f\u00f6r \u00e5ren 2018-2021<\/h2>\n<p>Revisorer: Gustaf Ekman A:3:4:5 samt Nils Liljeberg (C:3:4:3:3:1)<\/p>\n","protected":false},"excerpt":{"rendered":"<p>Styrelsen | Stadgar | Dagordning | Bokslut | Revisionsber\u00e4ttelse | Protokoll | Medlemskap Bokslut 08-11 Bokslut 12-14 Bokslut 15-17 Bokslut 18-21 Bokslut 22-24 Bokslut 2018-2021 &nbsp; &nbsp; &nbsp; &nbsp; &nbsp; INKOMSTER &nbsp; &nbsp;&nbsp;2018 &nbsp;&nbsp;2019 &nbsp;2020 &nbsp;2021 &nbsp; &nbsp; &nbsp; &nbsp; &nbsp; UTDELNING P\u00c5 AKTIER &nbsp; 189 996,50 205 082,50 69 062,50 236 480,00 &nbsp; &nbsp; [&hellip;]<\/p>\n","protected":false},"author":3,"featured_media":0,"parent":0,"menu_order":0,"comment_status":"closed","ping_status":"closed","template":"","meta":{"_acf_changed":false,"ngg_post_thumbnail":0,"footnotes":""},"tags":[],"class_list":["post-2507","page","type-page","status-publish","hentry"],"acf":[],"_links":{"self":[{"href":"https:\/\/ekmanfamily.se\/ver3\/wp-json\/wp\/v2\/pages\/2507","targetHints":{"allow":["GET"]}}],"collection":[{"href":"https:\/\/ekmanfamily.se\/ver3\/wp-json\/wp\/v2\/pages"}],"about":[{"href":"https:\/\/ekmanfamily.se\/ver3\/wp-json\/wp\/v2\/types\/page"}],"author":[{"embeddable":true,"href":"https:\/\/ekmanfamily.se\/ver3\/wp-json\/wp\/v2\/users\/3"}],"replies":[{"embeddable":true,"href":"https:\/\/ekmanfamily.se\/ver3\/wp-json\/wp\/v2\/comments?post=2507"}],"version-history":[{"count":0,"href":"https:\/\/ekmanfamily.se\/ver3\/wp-json\/wp\/v2\/pages\/2507\/revisions"}],"wp:attachment":[{"href":"https:\/\/ekmanfamily.se\/ver3\/wp-json\/wp\/v2\/media?parent=2507"}],"wp:term":[{"taxonomy":"post_tag","embeddable":true,"href":"https:\/\/ekmanfamily.se\/ver3\/wp-json\/wp\/v2\/tags?post=2507"}],"curies":[{"name":"wp","href":"https:\/\/api.w.org\/{rel}","templated":true}]}}