{"id":2466,"date":"2018-12-02T16:28:29","date_gmt":"2018-12-02T16:28:29","guid":{"rendered":"http:\/\/ekmanfamily.se\/ver3\/?page_id=2466"},"modified":"2018-12-14T09:10:00","modified_gmt":"2018-12-14T09:10:00","slug":"carnegie","status":"publish","type":"page","link":"https:\/\/ekmanfamily.se\/ver3\/carnegie\/","title":{"rendered":"Carnegie"},"content":{"rendered":"<p>&nbsp;<\/p>\n<p>&nbsp;<\/p>\n<p><a href=\"http:\/\/ekmanfamily.se\/ver3\/carnegie\/sockerbruket-1\/\" rel=\"attachment wp-att-2484\"><img loading=\"lazy\" decoding=\"async\" class=\"alignleft size-medium wp-image-2484\" src=\"http:\/\/ekmanfamily.se\/ver3\/wp-content\/uploads\/2018\/12\/Sockerbruket-1-300x225.jpg\" alt=\"\" width=\"300\" height=\"225\" srcset=\"https:\/\/ekmanfamily.se\/ver3\/wp-content\/uploads\/2018\/12\/Sockerbruket-1-300x225.jpg 300w, https:\/\/ekmanfamily.se\/ver3\/wp-content\/uploads\/2018\/12\/Sockerbruket-1-768x575.jpg 768w, https:\/\/ekmanfamily.se\/ver3\/wp-content\/uploads\/2018\/12\/Sockerbruket-1-1024x767.jpg 1024w, https:\/\/ekmanfamily.se\/ver3\/wp-content\/uploads\/2018\/12\/Sockerbruket-1-400x300.jpg 400w\" sizes=\"auto, (max-width: 300px) 100vw, 300px\" \/><\/a><\/p>\n<h1><strong>D. Carnegies &amp; Oscar Ekman (A)<\/strong><\/h1>\n<p>F\u00f6rsta verksamhets\u00e5r bestod i, import av lin och linbl\u00e5nor, samt export av salt, sill och tj\u00e4ra. 1807 blev j\u00e4rn den viktigaste handelsvaran. Carnegie var ocks\u00e5 en av de st\u00f6rsta rederierna i G\u00f6teborg mellan 1807 och 1854.<\/p>\n<p><a href=\"http:\/\/ekmanfamily.se\/ver3\/carnegie\/portratt-d-carnegie\/\" rel=\"attachment wp-att-2485\"><img loading=\"lazy\" decoding=\"async\" class=\"alignleft size-thumbnail wp-image-2485\" src=\"http:\/\/ekmanfamily.se\/ver3\/wp-content\/uploads\/2018\/12\/Portr\u00e4tt-D-Carnegie-150x150.jpg\" alt=\"\" width=\"150\" height=\"150\" \/><\/a>Sensation gjorde den 23-\u00e5rige David Carnegie Jr, d\u00e5 han 1836 med finansiellt st\u00f6d fr\u00e5n sin fader och kusin W. Robertson f\u00f6rv\u00e4rvade de Lorentska socker och porter bruken som befann sig i ekonomiska sv\u00e5righeter som var G\u00f6teborgs st\u00f6rsta industrif\u00f6retag.<\/p>\n<p>Redan vid unga \u00e5r l\u00e4rde D. Carnegie och Oscar Ekman k\u00e4nna varandra. V\u00e4nskapen med David Carnegie, som var av samma \u00e5lder, kom att f\u00e5 avg\u00f6rande betydelse f\u00f6r Oscar Ekman.<\/p>\n<p>Vid Carnegies bortg\u00e5ng 1890. Mottog underr\u00e4ttelsen att min \u00e4dle, k\u00e4re, trofaste 60 \u00e5rs v\u00e4n David Carnegie d. 15\/16 februari.<br \/>\nskriver Oscar Jag tackar gud, som sk\u00e4nkte mig en s\u00e5 dyrbar V\u00e4n i lust och n\u00f6d.<br \/>\nFrid och v\u00e4lsignelse med hans minne. Efter D. Carnegies d\u00f6d blev Oscar Ekman den enskilt st\u00f6rsta aktie\u00e4garen i bolaget.<\/p>\n<p>Efter David Carnegie och Oscar Ekmans uppg\u00f6relse p\u00e5 Stora Torp 1858, d\u00e5 Oscar Ekman fick en friare st\u00e4llning inom bolaget och kunde \u00e4gna sig \u00e5t allm\u00e4nna intressen, g\u00e4llde det f\u00f6r David Carnegie att finna den r\u00e4tte mannen, som kunde intr\u00e4da i Oscar Ekmans (A) st\u00e4lle. Efter \u00e5tskilliga diskussioner tog Emil Ekman (B) 1860 definitivt st\u00e5ndpunkt, och 1861 l\u00e4mnade han sin tj\u00e4nst som chef f\u00f6r sj\u00f6f\u00f6rsvarets kommando expedition och intr\u00e4dde som direkt\u00f6r i D. Carnegie &amp; Co.<\/p>\n<p>D\u00e5 Oscar Ekman fr\u00e5n slutet av 1850 talet f\u00e5tt m\u00f6jlighet att vid sidan av ledningen av Carnegie bolaget f\u00e5 \u00e4gna sig \u00e5t allm\u00e4nna v\u00e4rv, gjorde han sina insatser dels som finansman och dels s\u00e5som filantrop. Skandinaviska Kredit AB d\u00e4r han var den drivande kraften och blev dess ordf\u00f6rande fr\u00e5n starten den 21\/3-1864 och i de kommande 32 \u00e5ren. Han var ocks\u00e5 initiativtagare till struktureringen av sk\u00e5nska sockerbolaget, som blev en str\u00e5lande aff\u00e4r f\u00f6r D. Carnegie &amp; Co AB.<br \/>\n<a href=\"http:\/\/ekmanfamily.se\/ver3\/carnegie\/0-oscar-emil-ekman-2\/\" rel=\"attachment wp-att-2488\"><img loading=\"lazy\" decoding=\"async\" class=\"alignleft size-thumbnail wp-image-2488\" src=\"http:\/\/ekmanfamily.se\/ver3\/wp-content\/uploads\/2018\/12\/0.-Oscar-Emil-Ekman-2-150x150.jpeg\" alt=\"\" width=\"150\" height=\"150\" \/><\/a><\/p>\n<p>Emil Ekman var en oumb\u00e4rlig hj\u00e4lp f\u00f6r Oscar Ekman under dennes l\u00e5nga vistelse i Stockholm, han var den som n\u00e4rmast hade ansvaret f\u00f6r bruken och aff\u00e4rerna.<\/p>\n<p>En v\u00e4sentlig hj\u00e4lp fick han av sin son Gustaf Ekman 1852-1930 (B:1) som 1880 intr\u00e4dde som teknisk chef f\u00f6r D. Carnegie &amp; Co AB, och avancerade 1899 till VD i samma bolag.<\/p>\n<p>Gustaf Ekman fick ett avg\u00f6rande inflytande p\u00e5 Carnegiebolagets engagemang i den sk\u00e5nska och svenska\u00a0betsockerindustrin genom dess starke man\u00a0Carl Tranchell.<\/p>\n<p>Efter\u00a0Oscar Ekmansd\u00f6d 1907 bildades f\u00f6r portertillverkningen ett s\u00e4rskilt bolag, Porterbryggeri AB D. Carnegie &amp; Co &#8211; fr\u00e5n 1938 dotterbolag till\u00a0AB Pripp\u00a0&amp; Lyckholm.<\/p>\n<p>Sockerverksamheten s\u00e5ldes 1907 till\u00a0Svenska Sockerfabriks AB.<br \/>\nChefskapet f\u00f6r sockerbruket i G\u00f6teborg \u00f6vertogs av Gustaf Ekman. Han kvarstod som direkt\u00f6r f\u00f6r sockerbruket intill sin d\u00f6d 1930.<\/p>\n<p><a href=\"http:\/\/ekmanfamily.se\/ver3\/carnegie\/portratt-gustaf-ekman\/\" rel=\"attachment wp-att-2487\"><img loading=\"lazy\" decoding=\"async\" class=\"alignleft size-thumbnail wp-image-2487\" src=\"http:\/\/ekmanfamily.se\/ver3\/wp-content\/uploads\/2018\/12\/Portr\u00e4tt-Gustaf-Ekman-150x150.jpeg\" alt=\"\" width=\"150\" height=\"150\" \/><\/a><\/p>\n<p>Fr\u00e5n 1907 var Gustaf Ekman ordf\u00f6rande<a href=\"https:\/\/sv.wikipedia.org\/wiki\/Gustaf_Ekman_(1852%E2%80%931930)#cite_note-Kjellin,_Maja_1971-3\"><sup>\u00a0<\/sup><\/a><sup>i <\/sup>styrelsen f\u00f6r det d\u00e5 nybildade Svenska Sockerfabriks AB, f\u00f6r vilkets bildande han spelade en avg\u00f6rande roll.<br \/>\nGenom det s\u00e5 kallade\u00a0<em>Malm\u00f6kontraktet<\/em>\u00a0den 27 augusti 1900 lades grunden till det fusionsarbete, som kom att bli Svenska Sockerfabriks AB. Han var dessutom initiativtagare till Trelleborgs Sockerfabriks AB 1887, samt ledamot av styrelsen f\u00f6r Jordberga Sockerfabrik fr\u00e5n 1890, H\u00f6k\u00f6pinge R\u00e5sockerfabrik fr\u00e5n 1891 samt Sockerfabriks AB Union fr\u00e5n 1897.<br \/>\nSockerbolaget var Sveriges st\u00f6rsta f\u00f6retag och svarade f\u00f6r 97\u00a0% av landets totala sockerproduktion.<\/p>\n<p>Finansverksamheten<br \/>\nI samband med att industriverksamheterna avyttrades \u00e4ndrades f\u00f6retagets inriktning. I b\u00f6rjan av 1960-talet hade Carnegie omvandlats till ett f\u00f6rvaltningsbolag. Vinsterna fr\u00e5n f\u00f6rs\u00e4ljningarna placerades i b\u00f6rsnoterade aktier och 1964 k\u00f6ptes den n\u00e4rst\u00e5ende\u00a0Bankirfirman Langenski\u00f6ld.<\/p>\n<p>Bankirfirman var en liten och oansenlig verksamhet som arbetade mest med \u00e4garfamiljernas aff\u00e4rer. 1964\u00a0<u>b\u00f6rsintroducerades <\/u>f\u00f6retaget och 1967 flyttades all verksamhet till Stockholm. 1968 \u00f6verv\u00e4gdes en f\u00f6rs\u00e4ljning av bankirfirman men ist\u00e4llet kom en ny glansperiod att inledas \u00e5ret d\u00e4rp\u00e5 n\u00e4r de unga stj\u00e4rnm\u00e4klarna\u00a0<u>Erik Penser<\/u>\u00a0och\u00a0<a href=\"https:\/\/sv.wikipedia.org\/wiki\/Tomas_Fischer\">Tomas Fischer<\/a>\u00a0erbj\u00f6d f\u00f6retaget sina tj\u00e4nster. Under 1968 uppgick firmans oms\u00e4ttning till 21 Mkr. \u00c5ret d\u00e4rp\u00e5 hade den stigit till 337 Mkr. Antalet anst\u00e4llda fyrfaldigades p\u00e5 tre \u00e5r.<\/p>\n<p>1980, samma \u00e5r som bankirfirman Langenski\u00f6ld bytte namn till Carnegie Fondkommission, blev Erik Penser st\u00f6rste \u00e4gare i investmentbolaget\u00a0<a href=\"https:\/\/sv.wikipedia.org\/wiki\/Asken\">Asken<\/a>, som i sin tur \u00e4gde 35\u00a0% av aktierna i Carnegie. Carnegie var samtidigt n\u00e4st st\u00f6rste \u00e4gare i Asken. Samma \u00e5r gjordes en f\u00f6rsta utlandsetablering n\u00e4r det till 75\u00a0% \u00e4gda Londonbaserade Carnegie International bildades. Under 1980-talet rekryterades fler namnkunniga &#8220;stj\u00e4rnor&#8221; till verksamheten som\u00a0<a href=\"https:\/\/sv.wikipedia.org\/wiki\/Mats_Qviberg\">Mats Qviberg<\/a>\u00a0och\u00a0<a href=\"https:\/\/sv.wikipedia.org\/wiki\/Johan_Bj%C3%B6rkman\">Johan Bj\u00f6rkman<\/a>.<\/p>\n<p>1983 k\u00f6pte huvud\u00e4garen\u00a0<a href=\"https:\/\/sv.wikipedia.org\/wiki\/Investment_AB_Asken\">Investment AB Asken<\/a>\u00a0detaljhandelskoncernen\u00a0<a href=\"https:\/\/sv.wikipedia.org\/w\/index.php?title=JS_Saba&amp;action=edit&amp;redlink=1\">JS Saba<\/a>. 1985 k\u00f6pte sedan Saba Investmentbolaget Carnegie, inklusive Carnegie Fondkommission. D. Carnegie &amp; Co blev\u00a0<a href=\"https:\/\/sv.wikipedia.org\/wiki\/Moderbolag\">moderbolag<\/a>\u00a0med ett detaljhandelsben och ett finansben att st\u00e5 p\u00e5.<\/p>\n<p>1988 s\u00e5ldes Saba till<u>Axel Jonsson AB f<\/u>\u00f6r 3,5 miljarder kronor och det tidigare pressade\u00a0<a href=\"https:\/\/sv.wikipedia.org\/wiki\/Erik_Penser\">Erik Pensers<\/a>\u00a0<a href=\"https:\/\/sv.wikipedia.org\/wiki\/Holdingbolag\">holdingbolag<\/a>\u00a0<a href=\"https:\/\/sv.wikipedia.org\/w\/index.php?title=Yggdrasil_(holdingbolag)&amp;action=edit&amp;redlink=1\">Yggdrasil<\/a>\u00a0hade f\u00e5tt andrum. Elva dagar efter f\u00f6rs\u00e4ljningen av Saba meddelades att statliga\u00a0<a href=\"https:\/\/sv.wikipedia.org\/wiki\/PK-Banken\">PK-Banken<\/a>\u00a0k\u00f6pt Carnegie Fondkommission f\u00f6r 2,7 miljarder kronor. Det som v\u00e4ckte ilska inom vissa politiska kretsar var att Erik Penser genom aff\u00e4ren fick ett \u00e4gande p\u00e5 23\u00a0% i PK-banken. Aff\u00e4ren hade negativa effekter p\u00e5 Carnegies verksamhet. Samtidigt som Sverige var p\u00e5 v\u00e4g in i en finansiell \u00f6verhettning som inom n\u00e5gra \u00e5r skulle f\u00f6rbytas i en mycket sv\u00e5r finanskris, valde flera nyckelpersoner att l\u00e4mna f\u00f6retaget.<br \/>\nOch Erik Pensers Yggdrasil blev h\u00e5rt drabbad av PK \u2013 Bankens jakt p\u00e5 Penser.<\/p>\n<p>K\u00e4lla: Wikipedia samt Gamla G\u00f6teborg<\/p>\n","protected":false},"excerpt":{"rendered":"<p>&nbsp; &nbsp; D. Carnegies &amp; Oscar Ekman (A) F\u00f6rsta verksamhets\u00e5r bestod i, import av lin och linbl\u00e5nor, samt export av salt, sill och tj\u00e4ra. 1807 blev j\u00e4rn den viktigaste handelsvaran. Carnegie var ocks\u00e5 en av de st\u00f6rsta rederierna i G\u00f6teborg mellan 1807 och 1854. Sensation gjorde den 23-\u00e5rige David Carnegie Jr, d\u00e5 han 1836 med [&hellip;]<\/p>\n","protected":false},"author":3,"featured_media":0,"parent":0,"menu_order":0,"comment_status":"closed","ping_status":"closed","template":"","meta":{"_acf_changed":false,"ngg_post_thumbnail":0,"footnotes":""},"tags":[],"class_list":["post-2466","page","type-page","status-publish","hentry"],"acf":[],"_links":{"self":[{"href":"https:\/\/ekmanfamily.se\/ver3\/wp-json\/wp\/v2\/pages\/2466","targetHints":{"allow":["GET"]}}],"collection":[{"href":"https:\/\/ekmanfamily.se\/ver3\/wp-json\/wp\/v2\/pages"}],"about":[{"href":"https:\/\/ekmanfamily.se\/ver3\/wp-json\/wp\/v2\/types\/page"}],"author":[{"embeddable":true,"href":"https:\/\/ekmanfamily.se\/ver3\/wp-json\/wp\/v2\/users\/3"}],"replies":[{"embeddable":true,"href":"https:\/\/ekmanfamily.se\/ver3\/wp-json\/wp\/v2\/comments?post=2466"}],"version-history":[{"count":0,"href":"https:\/\/ekmanfamily.se\/ver3\/wp-json\/wp\/v2\/pages\/2466\/revisions"}],"wp:attachment":[{"href":"https:\/\/ekmanfamily.se\/ver3\/wp-json\/wp\/v2\/media?parent=2466"}],"wp:term":[{"taxonomy":"post_tag","embeddable":true,"href":"https:\/\/ekmanfamily.se\/ver3\/wp-json\/wp\/v2\/tags?post=2466"}],"curies":[{"name":"wp","href":"https:\/\/api.w.org\/{rel}","templated":true}]}}