{"id":2460,"date":"2018-12-02T16:19:39","date_gmt":"2018-12-02T16:19:39","guid":{"rendered":"http:\/\/ekmanfamily.se\/ver3\/?page_id=2460"},"modified":"2018-12-14T08:13:22","modified_gmt":"2018-12-14T08:13:22","slug":"morgardshammar","status":"publish","type":"page","link":"https:\/\/ekmanfamily.se\/ver3\/morgardshammar\/","title":{"rendered":"Morg\u00e5rdshammar"},"content":{"rendered":"<p>&nbsp;<\/p>\n<p>&nbsp;<\/p>\n<p><a href=\"http:\/\/ekmanfamily.se\/ver3\/morgardshammar\/morgardshammar-3\/\" rel=\"attachment wp-att-2480\"><img loading=\"lazy\" decoding=\"async\" class=\"aligncenter size-medium wp-image-2480\" src=\"http:\/\/ekmanfamily.se\/ver3\/wp-content\/uploads\/2018\/12\/Morg\u00e5rdshammar-300x245.jpg\" alt=\"\" width=\"300\" height=\"245\" srcset=\"https:\/\/ekmanfamily.se\/ver3\/wp-content\/uploads\/2018\/12\/Morg\u00e5rdshammar-300x245.jpg 300w, https:\/\/ekmanfamily.se\/ver3\/wp-content\/uploads\/2018\/12\/Morg\u00e5rdshammar-768x627.jpg 768w, https:\/\/ekmanfamily.se\/ver3\/wp-content\/uploads\/2018\/12\/Morg\u00e5rdshammar-1024x836.jpg 1024w, https:\/\/ekmanfamily.se\/ver3\/wp-content\/uploads\/2018\/12\/Morg\u00e5rdshammar-368x300.jpg 368w\" sizes=\"auto, (max-width: 300px) 100vw, 300px\" \/><\/a><\/p>\n<h1><strong>Morg\u00e5rdshammars Mekaniska Verkstads AB<\/strong><\/h1>\n<p>Gustaf Ekman C:3:2 VD 1900-1912 styrelseordf\u00f6rande 1911-1952 samt aktie\u00e4gare i bolaget liksom sin bror Wilhelm Ekman C:3:4 som ocks\u00e5 var ledamot i bolaget 1929-1943. Bolaget grundades 1856.<\/p>\n<p>Produktionen omfattar huvudsakligen bergverksmaskiner, valsverksanl\u00e4ggningar och tr\u00e5ddragerimaskiner, mottot var<br \/>\n\u201dTyngd och precision\u201d.<\/p>\n<p>Morg\u00e5rdshammar har under \u00e5rens lopp kunnat gl\u00e4dja sig \u00e5t ett stort f\u00f6rtroende f\u00e5n en mycket exklusiv och solid kundkrets den skandinaviska bergshanteringen och j\u00e4rnhanteringen.\u00a0Kravet p\u00e5 kvalitet \u00e4r utslagsgivande f\u00f6r hela programmet.<\/p>\n<p>MH\u00b4s valspr\u00e5k &#8220;tyngd och precision&#8221;<\/p>\n<p><a href=\"http:\/\/ekmanfamily.se\/ver3\/bokuppslag\/kungen-och-per-ekman-3\/\" rel=\"attachment wp-att-1729\"><img loading=\"lazy\" decoding=\"async\" class=\"alignleft size-thumbnail wp-image-1729\" src=\"http:\/\/ekmanfamily.se\/ver3\/wp-content\/uploads\/2014\/01\/Kungen-och-Per-Ekman-3-150x150.jpg\" alt=\"\" width=\"150\" height=\"150\" \/><\/a>Vid Konung Gustaf VI Adolfs eriksgata genom Dalarna 1953 bes\u00f6kte kungen Morg\u00e5rdshammar. H\u00e4r samtalar han med Morg\u00e5rdshammars VD Per Ekman C:3:2:1, Per Ekman blev VD 1939.<\/p>\n<p>Han kom till bolaget som valsverkskonstrukt\u00f6r 1936.<br \/>\nPer G Ekmans farfarsfar var den ber\u00f6mde metallurgen, bruks\u00e4gare Gustaf Ekman vilken bland annat inf\u00f6rde lancashiremetoden i Sverige och konstruerade koltornsugnen, den s.k \u201dEkmans v\u00e4llugn\u201d.<\/p>\n<p>Morg\u00e5rdshammars Mekaniska Verkstad AB.<br \/>\nM\u00f6ter krav p\u00e5 stora investeringar n\u00e4r den europeiska verkstadsindustrin v\u00e4xer \u00a0\u00a0\u00a0\u00a0sig starkare och starkare. F\u00f6r ett litet men ansenligt f\u00f6retag v\u00e4xer tankarna p\u00e5 \u00a0\u00a0att s\u00e4lja verksamheten.<\/p>\n<p>Wilhelm Ekman C:3:4:4 p\u00e5 Uddeholm ans\u00e5g att det vore det b\u00e4st f\u00f6r alla parter.<br \/>\nI samma veva 1975 kommer finansmannen Anders Wall fr\u00e5n Beijerinvest och vill k\u00f6pa. Han hade ingen aning om att familjen funderade p\u00e5 att s\u00e4lja.<br \/>\nPriset blev d\u00e4rf\u00f6r riktigt bra f\u00f6r samtliga aktie\u00e4gare.<\/p>\n<p>1983 k\u00f6per Volvo upp Bejer Invest som d\u00e4refter s\u00e5lde Morg\u00e5rdshammar vidare till italienska konkurrenten Danieli 1987. Som 2018 fortfarande \u00e4r \u00e4gare till bolaget.<\/p>\n<p>K\u00e4lla: Wikipedia och Morg\u00e5rdshammar Mekaniska Verkstad 1856 &#8211; 1956<\/p>\n","protected":false},"excerpt":{"rendered":"<p>&nbsp; &nbsp; Morg\u00e5rdshammars Mekaniska Verkstads AB Gustaf Ekman C:3:2 VD 1900-1912 styrelseordf\u00f6rande 1911-1952 samt aktie\u00e4gare i bolaget liksom sin bror Wilhelm Ekman C:3:4 som ocks\u00e5 var ledamot i bolaget 1929-1943. Bolaget grundades 1856. Produktionen omfattar huvudsakligen bergverksmaskiner, valsverksanl\u00e4ggningar och tr\u00e5ddragerimaskiner, mottot var \u201dTyngd och precision\u201d. Morg\u00e5rdshammar har under \u00e5rens lopp kunnat gl\u00e4dja sig \u00e5t ett [&hellip;]<\/p>\n","protected":false},"author":3,"featured_media":0,"parent":0,"menu_order":0,"comment_status":"closed","ping_status":"closed","template":"","meta":{"_acf_changed":false,"ngg_post_thumbnail":0,"footnotes":""},"tags":[],"class_list":["post-2460","page","type-page","status-publish","hentry"],"acf":[],"_links":{"self":[{"href":"https:\/\/ekmanfamily.se\/ver3\/wp-json\/wp\/v2\/pages\/2460","targetHints":{"allow":["GET"]}}],"collection":[{"href":"https:\/\/ekmanfamily.se\/ver3\/wp-json\/wp\/v2\/pages"}],"about":[{"href":"https:\/\/ekmanfamily.se\/ver3\/wp-json\/wp\/v2\/types\/page"}],"author":[{"embeddable":true,"href":"https:\/\/ekmanfamily.se\/ver3\/wp-json\/wp\/v2\/users\/3"}],"replies":[{"embeddable":true,"href":"https:\/\/ekmanfamily.se\/ver3\/wp-json\/wp\/v2\/comments?post=2460"}],"version-history":[{"count":0,"href":"https:\/\/ekmanfamily.se\/ver3\/wp-json\/wp\/v2\/pages\/2460\/revisions"}],"wp:attachment":[{"href":"https:\/\/ekmanfamily.se\/ver3\/wp-json\/wp\/v2\/media?parent=2460"}],"wp:term":[{"taxonomy":"post_tag","embeddable":true,"href":"https:\/\/ekmanfamily.se\/ver3\/wp-json\/wp\/v2\/tags?post=2460"}],"curies":[{"name":"wp","href":"https:\/\/api.w.org\/{rel}","templated":true}]}}