{"id":100,"date":"2013-01-13T13:49:54","date_gmt":"2013-01-13T13:49:54","guid":{"rendered":"http:\/\/ekmanfamily.se\/ver3\/?page_id=100"},"modified":"2025-09-12T21:05:54","modified_gmt":"2025-09-12T21:05:54","slug":"styrelsen","status":"publish","type":"page","link":"https:\/\/ekmanfamily.se\/ver3\/styrelsen\/","title":{"rendered":"Styrelsen"},"content":{"rendered":"<p>&nbsp;<\/p>\n<p>&nbsp;<\/p>\n<h1>Ekmanska Sl\u00e4ktf\u00f6reningen<\/h1>\n<p>&nbsp;<\/p>\n<p><a href=\"styrelsen\/\">Styrelsen<\/a> | <a href=\"stadgar\/\">Stadgar<\/a> | <a href=\"dagordning\/\">Dagordning<\/a> | <a href=\"bokslut\/\">Bokslut<\/a> | <a href=\"revisionsberattelse\/\">Revisionsber\u00e4ttelse<\/a> | <a href=\"protokoll\/\">Protokoll<\/a> | <a href=\"medlemskap\/\">Medlemskap<\/a><\/p>\n<div id=\"attachment_1533\" style=\"width: 160px\" class=\"wp-caption alignleft\"><a href=\"http:\/\/ekmanfamily.se\/ver3\/wp-content\/uploads\/2013\/01\/Gustaf-Ekman-foto.jpg\"><img loading=\"lazy\" decoding=\"async\" aria-describedby=\"caption-attachment-1533\" class=\"size-thumbnail wp-image-1533\" src=\"http:\/\/ekmanfamily.se\/ver3\/wp-content\/uploads\/2013\/01\/Gustaf-Ekman-foto-150x150.jpg\" alt=\"Gustaf Ekman\" width=\"150\" height=\"150\"><\/a><p id=\"caption-attachment-1533\" class=\"wp-caption-text\">Gustaf Ekman<\/p><\/div>\n<div id=\"attachment_1771\" style=\"width: 160px\" class=\"wp-caption alignleft\"><a href=\"http:\/\/ekmanfamily.se\/ver3\/styrelsen\/ekmanska-ce\/\"><img loading=\"lazy\" decoding=\"async\" aria-describedby=\"caption-attachment-1771\" class=\"size-thumbnail wp-image-1771\" src=\"http:\/\/ekmanfamily.se\/ver3\/wp-content\/uploads\/2018\/09\/ekmanska-ce.jpg\" alt=\"Christian Ekman\" width=\"150\" height=\"150\"><\/a><p id=\"caption-attachment-1771\" class=\"wp-caption-text\">Christian Ekman<\/p><\/div>\n<div id=\"attachment_1531\" style=\"width: 160px\" class=\"wp-caption alignleft\"><a href=\"http:\/\/ekmanfamily.se\/ver3\/wp-content\/uploads\/2013\/01\/Fredric-Ekman.jpg\"><img loading=\"lazy\" decoding=\"async\" aria-describedby=\"caption-attachment-1531\" class=\"size-thumbnail wp-image-1531\" src=\"http:\/\/ekmanfamily.se\/ver3\/wp-content\/uploads\/2013\/01\/Fredric-Ekman-150x150.jpg\" alt=\"Fredric Ekman\" width=\"150\" height=\"150\"><\/a><p id=\"caption-attachment-1531\" class=\"wp-caption-text\">Fredric Ekman<\/p><\/div>\n<div id=\"attachment_1534\" style=\"width: 160px\" class=\"wp-caption alignleft\"><a href=\"https:\/\/ekmanfamily.se\/ver3\/wp-content\/uploads\/2025\/09\/Susanne-Ekman-Mathiesen.jpg\"><img loading=\"lazy\" decoding=\"async\" aria-describedby=\"caption-attachment-1534\" class=\"size-thumbnail wp-image-1534\" src=\"https:\/\/ekmanfamily.se\/ver3\/wp-content\/uploads\/2025\/09\/Susanne-Ekman-Mathiesen.jpg\" alt=\"Susanne Ekman Mathiesen\" width=\"150\" height=\"150\"><\/a><p id=\"caption-attachment-1534\" class=\"wp-caption-text\">Susanne Ekman Mathiesen<\/p><\/div>\n<div id=\"attachment_1539\" style=\"width: 160px\" class=\"wp-caption alignleft\"><a href=\"https:\/\/ekmanfamily.se\/ver3\/wp-content\/uploads\/2025\/09\/Jan-Calvert.jpg\"><img loading=\"lazy\" decoding=\"async\" aria-describedby=\"caption-attachment-1539\" class=\"size-thumbnail wp-image-1539\" src=\"https:\/\/ekmanfamily.se\/ver3\/wp-content\/uploads\/2025\/09\/Jan-Calvert.jpg\" alt=\"Jan Calvert\" width=\"150\" height=\"150\"><\/a><p id=\"caption-attachment-1539\" class=\"wp-caption-text\">Jan Calvert<\/p><\/div>\n<p>&nbsp;<\/p>\n<p>&nbsp;<\/p>\n<p>&nbsp;<\/p>\n<p>&nbsp;<\/p>\n<p>&nbsp;<\/p>\n<p>&nbsp;<\/p>\n<p>Sl\u00e4ktf\u00f6reningen bildades 1936 p\u00e5 initiativ av Axel Ekman (D:5). Man antog d\u00e5 stadgar, som i stort \u00e4r of\u00f6r\u00e4ndrade idag. Med sitt s\u00e4te i G\u00f6teborg skall enligt stadgarna Styrelsen ha 5 medlemmar och 2 suppleanter, tv\u00e5 revisorer och en revisor suppleant samt en valberedning. Val av styrelse sker vid f\u00f6reningsst\u00e4mmans m\u00f6te vart tredje \u00e5r.<\/p>\n<p>Stadgarna \u00a71 f\u00f6reskriver att &#8220;F\u00f6reningen \u00e4r en sl\u00e4ktsammanslutning, som har till \u00e4ndam\u00e5l att st\u00e4rka sl\u00e4ktbanden och m\u00f6jligg\u00f6ra sl\u00e4ktens sj\u00e4lvhj\u00e4lp.&#8221; I detta \u00e4r en huvudpunkt att vart tredje \u00e5r anordna ett Sl\u00e4ktm\u00f6te, vilket sker p\u00e5 n\u00e5gon svensk ort d\u00e4r det finns en anknytning till familjen. Viktigt \u00e4r idag \u00e4ven hemsidan , som p\u00e5 ett tillg\u00e4ngligt s\u00e4tt g\u00f6r det m\u00f6jligt att ge en \u00f6verblick \u00f6ver familjen och dess historia. I f\u00f6rl\u00e4ngningen av detta finns \u00e4ven m\u00f6jlighet till enkel kommunikation i form av Facebook. Vid Styrelsens regelbundna m\u00f6ten avhandlas dessa fr\u00e5gor, och diskuteras \u00e4ven hur sl\u00e4ktbanden kan st\u00e4rkas ytterligare.<\/p>\n<p><strong>Kontaktuppgifter till styrelsen<\/strong><\/p>\n<p>Ekman Gustaf, Ordf\u00f6rande A:3:4:5<br \/>\n0702-09 37 30<br \/>\n<a href=\"mailto:ekman@arnasab.se\">ekman@arnasab.se<\/a><\/p>\n<p>Ekman Christian, Vice ordf\u00f6rande, C:3:4:2:3:3<br \/>\n0727-18 97 00<br \/>\n<a href=\"mailto:christian.ekman@zidcore.com\">christian.ekman@zidcore.com<\/a><\/p>\n<p>Ekman Fredric, Skattm\u00e4stare B:4:2:4:1<br \/>\n0734-27 48 49<br \/>\n<a href=\"mailto:fredric.ekman@gmail.com\">fredric.ekman@gmail.com<\/a><\/p>\n<p>Susanne Ekman Mathiesen, Sekreterare C:3:2:7:2:2<br \/>\n0704-61 30 40<br \/>\n<a href=\"mailto:susanne.ekman@icloud.com\">susanne.ekman@icloud.com<\/a><\/p>\n<p>Jan Calvert, Ledamot B:1:3:1:1<br \/>\n0708-49 92 60<br \/>\n<a href=\"mailto:jan@calvert.se\">jan@calvert.se<\/a><\/p>\n<p>Ekman Jonas, Suppleant A:3:3:2:1<br \/>\n0700-83 74 03<br \/>\n<a href=\"mailto:claesekman@gmail.com\">claesekman@gmail.com<\/a><\/p>\n<p>Jenny Gustavsson, Suppleant C:3:4:1:5:2<br \/>\n0707-35 55 77<br \/>\n<a href=\"mailto:jennybursell@hotmail.com\">jennybursell@hotmail.com<\/a><\/p>\n<p>&nbsp;<\/p>\n<h2>Suppleanter<\/h2>\n<div id=\"attachment_1769\" style=\"width: 160px\" class=\"wp-caption alignleft\"><a href=\"http:\/\/ekmanfamily.se\/ver3\/wp-content\/uploads\/2013\/01\/Jonas-Ekman-A3321.jpg\"><img loading=\"lazy\" decoding=\"async\" aria-describedby=\"caption-attachment-1769\" class=\"size-thumbnail wp-image-1769\" src=\"http:\/\/ekmanfamily.se\/ver3\/wp-content\/uploads\/2013\/01\/Jonas-Ekman-A3321-150x150.jpg\" alt=\"Jonas Ekman\" width=\"150\" height=\"150\"><\/a><p id=\"caption-attachment-1769\" class=\"wp-caption-text\">Jonas Ekman<\/p><\/div>\n<div id=\"attachment_1771\" style=\"width: 160px\" class=\"wp-caption alignleft\"><a href=\"https:\/\/ekmanfamily.se\/ver3\/wp-content\/uploads\/2025\/09\/Jenny-Gustavsson.jpg\"><img loading=\"lazy\" decoding=\"async\" aria-describedby=\"caption-attachment-1771\" class=\"size-thumbnail wp-image-1771\" src=\"https:\/\/ekmanfamily.se\/ver3\/wp-content\/uploads\/2025\/09\/Jenny-Gustavsson.jpg\" alt=\"Jenny Gustavsson\" width=\"150\" height=\"150\"><\/a><p id=\"caption-attachment-1771\" class=\"wp-caption-text\">Jenny Gustavsson<\/p><\/div>\n<p>&nbsp;<\/p>\n<p>&nbsp;<\/p>\n<p>&nbsp;<\/p>\n<p>&nbsp;<\/p>\n<p>&nbsp;<\/p>\n<p><strong>Kontaktuppgifter till suppleanter<\/strong><\/p>\n<p>Ekman Jonas, A:3:3:2:1<br \/>\n0700-83 74 03<strong><br \/>\n<a href=\"mailto:jonas.ekman@centigo.se\">jonas.ekman@hotmail.com<\/a><\/strong><\/p>\n<p>Gustavsson Jenny, C:3:4:1:5:2<br \/>\n0707-35 55 77<strong><br \/>\n<a href=\"mailto:jennybursell@gmail.com\">jennybursell@gmail.com<\/a><\/strong><\/p>\n<p>&nbsp;<\/p>\n<h2>Revisorer<\/h2>\n<div id=\"attachment_1768\" style=\"width: 160px\" class=\"wp-caption alignleft\"><a href=\"http:\/\/ekmanfamily.se\/ver3\/wp-content\/uploads\/2013\/01\/Nils-Liljeberg-C34331.jpg\"><img loading=\"lazy\" decoding=\"async\" aria-describedby=\"caption-attachment-1768\" class=\"size-thumbnail wp-image-1768\" src=\"http:\/\/ekmanfamily.se\/ver3\/wp-content\/uploads\/2013\/01\/Nils-Liljeberg-C34331-150x150.jpg\" alt=\"Nils Liljeberg\" width=\"150\" height=\"150\"><\/a><p id=\"caption-attachment-1768\" class=\"wp-caption-text\">Nils Liljeberg<\/p><\/div>\n<div id=\"attachment_1533\" style=\"width: 160px\" class=\"wp-caption alignleft\"><a href=\"http:\/\/ekmanfamily.se\/ver3\/wp-content\/uploads\/2022\/09\/Styrelse-1.jpg\"><img loading=\"lazy\" decoding=\"async\" aria-describedby=\"caption-attachment-1533\" class=\"size-thumbnail wp-image-1533\" src=\"http:\/\/ekmanfamily.se\/ver3\/wp-content\/uploads\/2022\/09\/Styrelse-1.jpg\" alt=\"Caroline Ekman\" width=\"150\" height=\"150\"><\/a><p id=\"caption-attachment-1533\" class=\"wp-caption-text\">Caroline Ekman<\/p><\/div>\n<p>&nbsp;<\/p>\n<p>&nbsp;<\/p>\n<p>&nbsp;<\/p>\n<p>&nbsp;<\/p>\n<p>&nbsp;<\/p>\n<p><strong><strong>Kontaktuppgifter Revisorer<br \/>\n<\/strong><\/strong><br \/>\nLiljeberg Nils&nbsp;(C:3:4:3:3:1)<br \/>\n0707-62 11 63<br \/>\n<b><a href=\"mailto:nilsliljeberg@live.se\">nilsliljeberg@live.se<\/a><br \/>\n<\/b><\/p>\n<p>Caroline Ekman C:3:2:7:2:1<br \/>\n0736-40 27 71<br \/>\n<b><a href=\"mailto:carolineekman@yahoo.se\">carolineekman@yahoo.se<\/a><\/b><\/p>\n<p>&nbsp;<\/p>\n<p>&nbsp;<\/p>\n<h2>Revisor Suppleant<\/h2>\n<p><a href=\"http:\/\/ekmanfamily.se\/ver3\/wp-content\/uploads\/2013\/01\/Magdalena-Ekman.jpg\"><img loading=\"lazy\" decoding=\"async\" class=\"size-thumbnail wp-image-1772\" src=\"http:\/\/ekmanfamily.se\/ver3\/wp-content\/uploads\/2013\/01\/Magdalena-Ekman-150x150.jpg\" alt=\"Magdalena Ekman\" width=\"150\" height=\"150\"><\/a><br \/>\nEkman Magdalena C:3:2:2:4<br \/>\n0707-36 00 69<br \/>\n<a href=\"mailto:magdalena.ekman@spray.se\">magdalena.ekman@gmail.com<\/a><\/p>\n<p>&nbsp;<\/p>\n<h2>Valberedning<\/h2>\n<p><a href=\"http:\/\/ekmanfamily.se\/ver3\/wp-content\/uploads\/2013\/01\/Peter-Ekman-2.jpeg\"><img loading=\"lazy\" decoding=\"async\" class=\"size-thumbnail wp-image-1538\" src=\"http:\/\/ekmanfamily.se\/ver3\/wp-content\/uploads\/2013\/01\/Peter-Ekman-2-150x150.jpeg\" alt=\"Peter Ekman\" width=\"150\" height=\"150\"><\/a><br \/>\nB grenen<br \/>\nPeter Ekman B:4:2:4<br \/>\n0705-69 55 25<br \/>\nekman.p@telia.com&nbsp;<\/p>\n<p>&nbsp;<\/p>\n<p><a href=\"http:\/\/ekmanfamily.se\/ver3\/wp-content\/uploads\/2022\/09\/Styrelse-2.jpg\"><img loading=\"lazy\" decoding=\"async\" class=\"size-thumbnail wp-image-1535\" src=\"http:\/\/ekmanfamily.se\/ver3\/wp-content\/uploads\/2022\/09\/Styrelse-2.jpg\" alt=\"Peter Ekman\" width=\"150\" height=\"150\"><\/a><br \/>\nA grenen<br \/>\nPeter Ekman A:3:3:2<br \/>\n0707-88 66 82<br \/>\n<b><a href=\"mailto:ekman.p@telia.com\">copekman@gmail.com<\/a><\/b>&nbsp;<\/p>\n<p>&nbsp;<\/p>\n<p><a href=\"http:\/\/ekmanfamily.se\/ver3\/wp-content\/uploads\/2013\/01\/Matts-Ekman-bild.jpg\"><img loading=\"lazy\" decoding=\"async\" class=\"size-thumbnail wp-image-1535\" src=\"http:\/\/ekmanfamily.se\/ver3\/wp-content\/uploads\/2013\/01\/Matts-Ekman-bild-150x150.jpg\" alt=\"Matts Ekman\" width=\"150\" height=\"150\"><\/a><br \/>\nC grenen<br \/>\nEkman Matts P. C:3:2:7:2<br \/>\n0705-90 47 89<br \/>\n<a href=\"mailto:matts.ekman@telia.com\">matts.ekman@telia.com<\/a><\/p>\n","protected":false},"excerpt":{"rendered":"<p>&nbsp; &nbsp; Ekmanska Sl\u00e4ktf\u00f6reningen &nbsp; Styrelsen | Stadgar | Dagordning | Bokslut | Revisionsber\u00e4ttelse | Protokoll | Medlemskap &nbsp; &nbsp; &nbsp; &nbsp; &nbsp; &nbsp; Sl\u00e4ktf\u00f6reningen bildades 1936 p\u00e5 initiativ av Axel Ekman (D:5). Man antog d\u00e5 stadgar, som i stort \u00e4r of\u00f6r\u00e4ndrade idag. Med sitt s\u00e4te i G\u00f6teborg skall enligt stadgarna Styrelsen ha 5 medlemmar [&hellip;]<\/p>\n","protected":false},"author":3,"featured_media":0,"parent":0,"menu_order":0,"comment_status":"closed","ping_status":"open","template":"","meta":{"_acf_changed":false,"ngg_post_thumbnail":0,"footnotes":""},"tags":[],"class_list":["post-100","page","type-page","status-publish","hentry"],"acf":[],"_links":{"self":[{"href":"https:\/\/ekmanfamily.se\/ver3\/wp-json\/wp\/v2\/pages\/100","targetHints":{"allow":["GET"]}}],"collection":[{"href":"https:\/\/ekmanfamily.se\/ver3\/wp-json\/wp\/v2\/pages"}],"about":[{"href":"https:\/\/ekmanfamily.se\/ver3\/wp-json\/wp\/v2\/types\/page"}],"author":[{"embeddable":true,"href":"https:\/\/ekmanfamily.se\/ver3\/wp-json\/wp\/v2\/users\/3"}],"replies":[{"embeddable":true,"href":"https:\/\/ekmanfamily.se\/ver3\/wp-json\/wp\/v2\/comments?post=100"}],"version-history":[{"count":0,"href":"https:\/\/ekmanfamily.se\/ver3\/wp-json\/wp\/v2\/pages\/100\/revisions"}],"wp:attachment":[{"href":"https:\/\/ekmanfamily.se\/ver3\/wp-json\/wp\/v2\/media?parent=100"}],"wp:term":[{"taxonomy":"post_tag","embeddable":true,"href":"https:\/\/ekmanfamily.se\/ver3\/wp-json\/wp\/v2\/tags?post=100"}],"curies":[{"name":"wp","href":"https:\/\/api.w.org\/{rel}","templated":true}]}}